{"id":2,"date":"2018-02-01T11:13:38","date_gmt":"2018-02-01T10:13:38","guid":{"rendered":"https:\/\/sites.lesia.obspm.fr\/xavier-bonnin\/?page_id=2"},"modified":"2023-11-10T12:20:31","modified_gmt":"2023-11-10T11:20:31","slug":"cv","status":"publish","type":"page","link":"https:\/\/sites.lesia.obspm.fr\/xavier-bonnin\/cv\/","title":{"rendered":"CV"},"content":{"rendered":"<h2 id=\"experiences\">Exp\u00e9riences professionnelles<\/h2>\n<hr \/>\n<h4>Depuis D\u00e9cembre 2012 &#8211; <strong>Ing\u00e9nieur de Recherche CNRS affect\u00e9 au LESIA (UMR 8109).<\/strong><\/h4>\n<h4>Juin 2012 &#8211; Novembre 2012<\/h4>\n<ul class=\"liste\">\n<li><strong>CDD IR CNRS <\/strong> &#8211; LESIA, Observatoire de Paris-Meudon, Meudon, France<\/li>\n<li><i> Production et archivage des donn\u00e9es radio de \u00e9talonn\u00e9es de l&rsquo;instrument Wind\/Waves. <\/i><\/li>\n<li>CDD r\u00e9alis\u00e9 au p\u00f4le plasma du LESIA sous financement CNES.<\/li>\n<\/ul>\n<h4>D\u00e9cembre 2010 &#8211; Mai 2012<\/h4>\n<ul class=\"liste\">\n<li><strong> CDD IR Observatoire de Paris <\/strong> &#8211; LESIA, Observatoire de Paris-Meudon, Meudon, France<\/li>\n<li><i> D\u00e9veloppement et maintenance du Heliophysics Feature Catalogue (HFC), un service l&rsquo;Observatoire Virtuel europ\u00e9en HELIO. <\/i><\/li>\n<li>Contrat financ\u00e9 par le projet europ\u00e9en HELIO (FP7; Grant No. 238969).<\/li>\n<\/ul>\n<h4>Juin 2010 &#8211; Novembre 2010<\/h4>\n<ul class=\"liste\">\n<li><strong>CDD IR Universit\u00e9 Paris-Sud Paris XI <\/strong> &#8211; IAS, Universit\u00e9 Paris-Sud Paris XI, Orsay, France<\/li>\n<li><i> D\u00e9ploiement d&rsquo;une interface de requ\u00eate dite \u00ab\u00a0HELIO-HQI\u00a0\u00bb au centre d&rsquo;archivage MEDOC. <\/i><\/li>\n<li>Contrat financ\u00e9 par le projet europ\u00e9en HELIO (FP7; Grant No. 238969).<\/li>\n<\/ul>\n<h4>Janvier 2009 &#8211; Mai 2010<\/h4>\n<ul class=\"liste\">\n<li><strong>CDD IR CNRS<\/strong> &#8211; LESIA, Observatoire de Paris-Meudon, Meudon, France<\/li>\n<li><i> Responsable du calcul des donn\u00e9es g\u00e9om\u00e9triques de l&rsquo;instrument VIRTIS embarqu\u00e9 \u00e0 bord des sondes spatiales Venus Express et Rosetta (ESA)<\/i><\/li>\n<li>CDD r\u00e9alis\u00e9 au p\u00f4le plan\u00e9tologie du LESIA sur financement CNES.<\/li>\n<\/ul>\n<h4>2005<\/h4>\n<ul class=\"liste\">\n<li><strong>Stage<\/strong> &#8211; LESIA, Observatoire de Paris-Meudon, Meudon, France<\/li>\n<li><u>Sujet<\/u> : <i> \u00ab\u00a0Etudes st\u00e9r\u00e9oscopique de la directivit\u00e9 des sursauts radio solaires de type III.\u00a0\u00bb<\/i><\/li>\n<li>Stage r\u00e9alis\u00e9 au laboratoire d&rsquo;\u00e9tudes spatiales et d&rsquo;instrumentation en astrophysique sous la direction de Milan Maksimovic.<\/li>\n<\/ul>\n<h4>2004<\/h4>\n<ul>\n<li><strong>Stage<\/strong> &#8211; Universit\u00e9 de Berkeley, Californie, Etats-Unis<\/li>\n<li><u>Sujet<\/u> : <i> \u00ab\u00a0Quantification du taux d&rsquo;annihilation du flux magn\u00e9tique sur la photosph\u00e8re solaire par m\u00e9thode de suivi.\u00a0\u00bb<\/i><\/li>\n<li>Stage r\u00e9alis\u00e9 au sein de l&rsquo;\u00e9quipe SOLAR MURI du Space Science Laboratory (SSL) de l&rsquo;Universit\u00e9 de Berkeley en Californie sous la direction de Brian T. Welsch.<\/li>\n<\/ul>\n<ul>\n<li><strong>Stage<\/strong> &#8211; Groupe de Physique des Solides, Paris, France<\/li>\n<li><u>Sujet<\/u> : <i> \u00ab\u00a0Elaboration d&rsquo;un microscope \u00e0 effet tunnel.\u00a0\u00bb<\/i><\/li>\n<li>Stage r\u00e9alis\u00e9 au groupe de physique des solides (GPS) de l&rsquo;Universit\u00e9 Pierre et Marie Curie-Paris 6 sous la direction de Yann Girard.<\/li>\n<\/ul>\n<h4>2003<\/h4>\n<ul>\n<li><strong>Stage<\/strong> &#8211; Institut de physique du globe de Paris, Paris, France<\/li>\n<li><u>Sujet<\/u> : <i> \u00ab\u00a0Etudes de la propagation des ondes atmosph\u00e9riques post-sismiques dans le cadre de la mission spatiale Venus Express.\u00a0\u00bb<\/i><\/li>\n<li>Stage r\u00e9alis\u00e9 au d\u00e9partement de g\u00e9ophysique spatiale et plan\u00e9taire sous la direction de Rapha\u00e9l Garcia.<\/li>\n<\/ul>\n<h2 id=\"formation\">Formation<\/h2>\n<hr \/>\n<h4>2005 &#8211; 2008<\/h4>\n<ul class=\"liste\">\n<li><strong>Doctorat<\/strong> &#8211; Universit\u00e9 Denis Diderot-Paris VII (Mention tr\u00e9s honorable)<\/li>\n<li><u>Sp\u00e9cialit\u00e9<\/u> : <i>\u00ab\u00a0Astrophysique et m\u00e9thodes associ\u00e9es\u00a0\u00bb<\/i><\/li>\n<li><u>Sujet<\/u> : <i> \u00ab\u00a0Etude st\u00e9r\u00e9oscopique de la directivit\u00e9 des sursauts radio solaires de type III aux fr\u00e9quences inf\u00e8rieures \u00e0 10 MHz.\u00a0\u00bb<\/i><\/li>\n<li>Th\u00e8se r\u00e9alis\u00e9e au p\u00f4le plasma du laboratoire d&rsquo;\u00e9tudes spatiales et d&rsquo;instrumentation en astrophysique (LESIA) de l&rsquo;Observatoire de Paris-Meudon (OBSPM), sous la direction de Milan Maksimovic et Jean-Louis Bougeret.<br \/>\n(Pour r\u00e9cup\u00e9rer un exemplaire de ma th\u00e8se au format pdf, cliquez <a href=\"http:\/\/www.lesia.obspm.fr\/perso\/xavier-bonnin\/documents\/these.pdf\">ici<\/a>.)<\/li>\n<\/ul>\n<h4>2002 &#8211; 2005<\/h4>\n<ul class=\"liste\">\n<li><strong>Magist\u00e8re de physique<\/strong> &#8211; Universit\u00e9 Denis Diderot-Paris VII<\/li>\n<li><strong>Master 2 Recherche<\/strong> <i> \u00ab\u00a0Astronomie &amp; Astrophysique\u00a0\u00bb <\/i> &#8211; Universit\u00e9 Denis Diderot-Paris VII<\/li>\n<\/ul>\n<h4>2000 &#8211; 2002<\/h4>\n<ul class=\"liste\">\n<li><strong>Classes Pr\u00e9paratoires aux Grandes Ecoles<\/strong> &#8211; Ecole Nationale de Chimie Physique Biologie (ENCPB), Paris 13e<\/li>\n<li><u>Section<\/u> :<i> Physique Chimie (PC) <\/i><\/li>\n<\/ul>\n<h4>2000<\/h4>\n<ul>\n<li><strong>Baccalaur\u00e9at scientifique &#8211; Lyc\u00e9e Rodin, Paris<\/strong><\/li>\n<\/ul>\n<h2 id=\"competences\">Comp\u00e9tences<\/h2>\n<hr \/>\n<h4>Informatique<\/h4>\n<ul>\n<li><strong>Syst\u00e9mes d&rsquo;exploitation<\/strong> : Windows, MacOs, Linux\/Unix<\/li>\n<li><strong>Langages de programmation<\/strong> : Python, IDL, C, JAVA, SQL, Fortran 90 et 77, XHTML, CSS, PHP<\/li>\n<li><strong>Logiciels<\/strong> : Office, Maple, Illustrator, Photoshop<\/li>\n<\/ul>\n<h4>Langues \u00e9trang\u00e8res<\/h4>\n<ul>\n<li><strong>Anglais<\/strong> :lu, \u00e9crit, parl\u00e9<\/li>\n<li><strong>Espagnol<\/strong> : niveau scolaire<\/li>\n<\/ul>\n<h2 id=\"divers\">Divers<\/h2>\n<hr \/>\n<h4>Sports<\/h4>\n<ul>\n<li>Capoeira, tennis, plong\u00e9e sous-marine<\/li>\n<\/ul>\n<h4>Loisirs<\/h4>\n<ul>\n<li>Batterie, rock &#8230;<\/li>\n<\/ul>\n","protected":false},"excerpt":{"rendered":"<p>Exp\u00e9riences professionnelles Depuis D\u00e9cembre 2012 &#8211; Ing\u00e9nieur de Recherche CNRS affect\u00e9 au LESIA (UMR 8109). Juin 2012 &#8211; Novembre 2012 CDD IR CNRS &#8211; LESIA, Observatoire de Paris-Meudon, Meudon, France Production et archivage des donn\u00e9es radio de \u00e9talonn\u00e9es de l&rsquo;instrument &hellip; <a href=\"https:\/\/sites.lesia.obspm.fr\/xavier-bonnin\/cv\/\">Continue reading <span class=\"meta-nav\">&rarr;<\/span><\/a><\/p>\n","protected":false},"author":49,"featured_media":0,"parent":0,"menu_order":0,"comment_status":"closed","ping_status":"open","template":"","meta":{"footnotes":""},"class_list":["post-2","page","type-page","status-publish","hentry"],"_links":{"self":[{"href":"https:\/\/sites.lesia.obspm.fr\/xavier-bonnin\/wp-json\/wp\/v2\/pages\/2","targetHints":{"allow":["GET"]}}],"collection":[{"href":"https:\/\/sites.lesia.obspm.fr\/xavier-bonnin\/wp-json\/wp\/v2\/pages"}],"about":[{"href":"https:\/\/sites.lesia.obspm.fr\/xavier-bonnin\/wp-json\/wp\/v2\/types\/page"}],"author":[{"embeddable":true,"href":"https:\/\/sites.lesia.obspm.fr\/xavier-bonnin\/wp-json\/wp\/v2\/users\/49"}],"replies":[{"embeddable":true,"href":"https:\/\/sites.lesia.obspm.fr\/xavier-bonnin\/wp-json\/wp\/v2\/comments?post=2"}],"version-history":[{"count":7,"href":"https:\/\/sites.lesia.obspm.fr\/xavier-bonnin\/wp-json\/wp\/v2\/pages\/2\/revisions"}],"predecessor-version":[{"id":76,"href":"https:\/\/sites.lesia.obspm.fr\/xavier-bonnin\/wp-json\/wp\/v2\/pages\/2\/revisions\/76"}],"wp:attachment":[{"href":"https:\/\/sites.lesia.obspm.fr\/xavier-bonnin\/wp-json\/wp\/v2\/media?parent=2"}],"curies":[{"name":"wp","href":"https:\/\/api.w.org\/{rel}","templated":true}]}}