{"id":122,"date":"2019-10-07T12:53:22","date_gmt":"2019-10-07T10:53:22","guid":{"rendered":"https:\/\/sites.lesia.obspm.fr\/thomas-widemann\/?page_id=122"},"modified":"2025-10-06T16:56:40","modified_gmt":"2025-10-06T14:56:40","slug":"contact","status":"publish","type":"page","link":"https:\/\/sites.lesia.obspm.fr\/thomas-widemann\/contact\/","title":{"rendered":"Contact"},"content":{"rendered":"\n<p><strong>Thomas Widemann&nbsp;<\/strong><br><\/p>\n\n\n\n<p><strong>Observatoire de Paris<\/strong><br>LIRA &#8211; UMR CNRS 8254 &#8211; b\u00e2t. 16 &#8211; pi\u00e8ce 212a<br>5 place Jules-Janssen, 92190 Meudon, France<br><a href=\"https:\/\/www.obspm.fr\/acces-au-site-de-meudon-de-l.html\">Access<\/a> to Paris Observatory, Meudon site<br>email: thomas.widemann@obspm.fr<br>twitter : @WidemannThomas<br>Tel office: +33 1 45077738<\/p>\n\n\n\n<p><strong>Universit\u00e9 Paris-Saclay<\/strong><br>DYPAC &#8211; EA 2449 &#8211; b\u00e2t. Vauban &#8211; pi\u00e8ce 309<br>47 boulevard Vauban, 78280 Guyancourt, France<br><a href=\"http:\/\/www.uvsq.fr\/acceder-au-batiment-vauban-a-guyancourt-405163.kjsp\">Access<\/a> to Universit\u00e9 Versailles St-Quentin,&nbsp;Vauban site                                                  <\/p>\n\n\n\n<p><\/p>\n\n\n\n<p><br><\/p>\n\n\n\n<p><\/p>\n","protected":false},"excerpt":{"rendered":"<p>Thomas Widemann&nbsp; Observatoire de ParisLIRA &#8211; UMR CNRS 8254 &#8211; b\u00e2t. 16 &#8211; pi\u00e8ce 212a5 place Jules-Janssen, 92190 Meudon, FranceAccess to Paris Observatory, Meudon siteemail: thomas.widemann@obspm.frtwitter : @WidemannThomasTel office: +33 1 45077738 Universit\u00e9 Paris-SaclayDYPAC &#8211; EA 2449 &#8211; b\u00e2t. Vauban &#8211; pi\u00e8ce 30947 boulevard Vauban, 78280 Guyancourt, FranceAccess to Universit\u00e9&#8230; <a class=\"continue-reading-link\" href=\"https:\/\/sites.lesia.obspm.fr\/thomas-widemann\/contact\/\"> Continue reading <span class=\"meta-nav\">&rarr; <\/span><\/a><\/p>\n","protected":false},"author":59,"featured_media":0,"parent":0,"menu_order":0,"comment_status":"closed","ping_status":"closed","template":"","meta":{"footnotes":""},"class_list":["post-122","page","type-page","status-publish","hentry"],"_links":{"self":[{"href":"https:\/\/sites.lesia.obspm.fr\/thomas-widemann\/wp-json\/wp\/v2\/pages\/122","targetHints":{"allow":["GET"]}}],"collection":[{"href":"https:\/\/sites.lesia.obspm.fr\/thomas-widemann\/wp-json\/wp\/v2\/pages"}],"about":[{"href":"https:\/\/sites.lesia.obspm.fr\/thomas-widemann\/wp-json\/wp\/v2\/types\/page"}],"author":[{"embeddable":true,"href":"https:\/\/sites.lesia.obspm.fr\/thomas-widemann\/wp-json\/wp\/v2\/users\/59"}],"replies":[{"embeddable":true,"href":"https:\/\/sites.lesia.obspm.fr\/thomas-widemann\/wp-json\/wp\/v2\/comments?post=122"}],"version-history":[{"count":10,"href":"https:\/\/sites.lesia.obspm.fr\/thomas-widemann\/wp-json\/wp\/v2\/pages\/122\/revisions"}],"predecessor-version":[{"id":1538,"href":"https:\/\/sites.lesia.obspm.fr\/thomas-widemann\/wp-json\/wp\/v2\/pages\/122\/revisions\/1538"}],"wp:attachment":[{"href":"https:\/\/sites.lesia.obspm.fr\/thomas-widemann\/wp-json\/wp\/v2\/media?parent=122"}],"curies":[{"name":"wp","href":"https:\/\/api.w.org\/{rel}","templated":true}]}}