{"id":351,"date":"2018-02-23T16:22:15","date_gmt":"2018-02-23T15:22:15","guid":{"rendered":"https:\/\/sites.lesia.obspm.fr\/thibault-cavalie\/?page_id=351"},"modified":"2018-02-23T16:46:43","modified_gmt":"2018-02-23T15:46:43","slug":"observations-de-neo-i93","status":"publish","type":"page","link":"https:\/\/sites.lesia.obspm.fr\/thibault-cavalie\/observations-de-neo-i93\/","title":{"rendered":"Observations de NEO"},"content":{"rendered":"<p>De temps en temps, je rends visite \u00e0 mon ami Florent Losse \u00e0 son observatoire I93 \u00e0 Saint Pardon de Conques pour observer des ast\u00e9ro\u00efdes (NEO = Near Earth Objects). Florent observe en moyenne une centeaine de nuits par an pour caract\u00e9riser les orbites de NEO. Son <a href=\"http:\/\/www.astrosurf.com\/hfosaf\/\">site web<\/a> contient toutes ses observations. Les plus r\u00e9centes se trouvent dans la rubrique &#8220;<a href=\"http:\/\/www.astrosurf.com\/hfosaf\/i93activity.htm\">I93 Activity<\/a>&#8220;.<\/p>\n<p>Cliquez sur les liens ci-dessous pour voir les observations de NEO que nous avons fait ensemble en :<br \/>\n<a href=\"https:\/\/sites.lesia.obspm.fr\/thibault-cavalie\/2018\/01\/18\/detection-apollo-neo-aug-2013\/\">Aug. 2013<\/a><br \/>\n<a href=\"https:\/\/sites.lesia.obspm.fr\/thibault-cavalie\/2018\/01\/18\/6-new-mpec-circulars-nov-2017\/\">Nov. 2017<\/a><\/p>\n<p>&nbsp;<\/p>\n<p>Nous avons aussi fait une peu de tourisme :<\/p>\n<p>NGC 7331<br \/>\n<img loading=\"lazy\" decoding=\"async\" class=\"size-full wp-image-45 alignleft\" src=\"https:\/\/sites.lesia.obspm.fr\/thibault-cavalie\/files\/2018\/01\/7331log.jpg\" alt=\"\" width=\"695\" height=\"519\" srcset=\"https:\/\/sites.lesia.obspm.fr\/thibault-cavalie\/files\/2018\/01\/7331log.jpg 695w, https:\/\/sites.lesia.obspm.fr\/thibault-cavalie\/files\/2018\/01\/7331log-300x224.jpg 300w\" sizes=\"auto, (max-width: 695px) 100vw, 695px\" \/>M15<img loading=\"lazy\" decoding=\"async\" class=\"alignleft size-full wp-image-46\" src=\"https:\/\/sites.lesia.obspm.fr\/thibault-cavalie\/files\/2018\/01\/m15ddp.jpg\" alt=\"\" width=\"695\" height=\"519\" srcset=\"https:\/\/sites.lesia.obspm.fr\/thibault-cavalie\/files\/2018\/01\/m15ddp.jpg 695w, https:\/\/sites.lesia.obspm.fr\/thibault-cavalie\/files\/2018\/01\/m15ddp-300x224.jpg 300w\" sizes=\"auto, (max-width: 695px) 100vw, 695px\" \/><\/p>\n<p>M57 &#8211; la n\u00e9buleuse de l&#8217;Anneau de a Lyre (et la supernova SN2013ev, que l&#8217;on voit mieux <a href=\"https:\/\/sites.lesia.obspm.fr\/thibault-cavalie\/2018\/01\/18\/detection-apollo-neo-aug-2013\/\">ici<\/a>)<img loading=\"lazy\" decoding=\"async\" class=\"alignleft size-full wp-image-47\" src=\"https:\/\/sites.lesia.obspm.fr\/thibault-cavalie\/files\/2018\/01\/m57.jpg\" alt=\"\" width=\"676\" height=\"513\" srcset=\"https:\/\/sites.lesia.obspm.fr\/thibault-cavalie\/files\/2018\/01\/m57.jpg 676w, https:\/\/sites.lesia.obspm.fr\/thibault-cavalie\/files\/2018\/01\/m57-300x228.jpg 300w\" sizes=\"auto, (max-width: 676px) 100vw, 676px\" \/><\/p>\n<p>Le Quintet de Stefan<img loading=\"lazy\" decoding=\"async\" class=\"alignleft size-full wp-image-48\" src=\"https:\/\/sites.lesia.obspm.fr\/thibault-cavalie\/files\/2018\/01\/quintetlog.jpg\" alt=\"\" width=\"686\" height=\"502\" srcset=\"https:\/\/sites.lesia.obspm.fr\/thibault-cavalie\/files\/2018\/01\/quintetlog.jpg 686w, https:\/\/sites.lesia.obspm.fr\/thibault-cavalie\/files\/2018\/01\/quintetlog-300x220.jpg 300w\" sizes=\"auto, (max-width: 686px) 100vw, 686px\" \/><\/p>\n<p>Les dentelles du Cygne<img loading=\"lazy\" decoding=\"async\" class=\"alignleft size-full wp-image-49\" src=\"https:\/\/sites.lesia.obspm.fr\/thibault-cavalie\/files\/2018\/01\/veil1.jpg\" alt=\"\" width=\"695\" height=\"519\" srcset=\"https:\/\/sites.lesia.obspm.fr\/thibault-cavalie\/files\/2018\/01\/veil1.jpg 695w, https:\/\/sites.lesia.obspm.fr\/thibault-cavalie\/files\/2018\/01\/veil1-300x224.jpg 300w\" sizes=\"auto, (max-width: 695px) 100vw, 695px\" \/><\/p>\n<p>Neptune et Triton<img loading=\"lazy\" decoding=\"async\" class=\"size-full wp-image-51 alignright\" src=\"https:\/\/sites.lesia.obspm.fr\/thibault-cavalie\/files\/2018\/01\/NEPTUNE130829-00h45.png\" alt=\"\" width=\"261\" height=\"256\" \/><img loading=\"lazy\" decoding=\"async\" class=\"alignleft size-full wp-image-50\" src=\"https:\/\/sites.lesia.obspm.fr\/thibault-cavalie\/files\/2018\/01\/NEPTUDENEREIDE130830-22h40.png\" alt=\"\" width=\"689\" height=\"516\" srcset=\"https:\/\/sites.lesia.obspm.fr\/thibault-cavalie\/files\/2018\/01\/NEPTUDENEREIDE130830-22h40.png 689w, https:\/\/sites.lesia.obspm.fr\/thibault-cavalie\/files\/2018\/01\/NEPTUDENEREIDE130830-22h40-300x225.png 300w\" sizes=\"auto, (max-width: 689px) 100vw, 689px\" \/><\/p>\n<p>&nbsp;<\/p>\n<p>&nbsp;<\/p>\n<p>&nbsp;<\/p>\n<p>&nbsp;<\/p>\n<p>&nbsp;<\/p>\n<p>&nbsp;<\/p>\n<p>Uranus le 29 Ao\u00fbt 2013 \u00e0 0h32 <img loading=\"lazy\" decoding=\"async\" class=\"size-full wp-image-52 alignright\" src=\"https:\/\/sites.lesia.obspm.fr\/thibault-cavalie\/files\/2018\/01\/URANUS130829-00h32.png\" alt=\"\" width=\"332\" height=\"262\" srcset=\"https:\/\/sites.lesia.obspm.fr\/thibault-cavalie\/files\/2018\/01\/URANUS130829-00h32.png 332w, https:\/\/sites.lesia.obspm.fr\/thibault-cavalie\/files\/2018\/01\/URANUS130829-00h32-300x237.png 300w\" sizes=\"auto, (max-width: 332px) 100vw, 332px\" \/><\/p>\n<p><img loading=\"lazy\" decoding=\"async\" class=\"size-full wp-image-53 alignright\" src=\"https:\/\/sites.lesia.obspm.fr\/thibault-cavalie\/files\/2018\/01\/URANUS130831-01h04.png\" alt=\"\" width=\"232\" height=\"215\" \/><\/p>\n<p>&nbsp;<\/p>\n<p>&nbsp;<\/p>\n<p>&nbsp;<\/p>\n<p>&nbsp;<\/p>\n<p>&nbsp;<\/p>\n<p>Et deux jours plus tard \u00e0 1h02<\/p>\n<p>&nbsp;<\/p>\n<p>&nbsp;<\/p>\n<p>&nbsp;<\/p>\n<p>[social_warfare buttons=&#8221;Facebook&#8221;]<\/p>\n","protected":false},"excerpt":{"rendered":"<p>De temps en temps, je rends visite \u00e0 mon ami Florent Losse \u00e0 son observatoire I93 \u00e0 Saint Pardon de Conques pour observer des ast\u00e9ro\u00efdes (NEO = Near Earth Objects). Florent observe en moyenne une centeaine de nuits par an pour caract\u00e9riser les orbites de NEO. Son site web contient toutes ses observations. Les plus &hellip; <\/p>\n<p class=\"link-more\"><a href=\"https:\/\/sites.lesia.obspm.fr\/thibault-cavalie\/observations-de-neo-i93\/\" class=\"more-link\">Continue reading<span class=\"screen-reader-text\"> &#8220;Observations de NEO&#8221;<\/span><\/a><\/p>\n","protected":false},"author":45,"featured_media":0,"parent":0,"menu_order":0,"comment_status":"closed","ping_status":"closed","template":"","meta":{"footnotes":""},"class_list":["post-351","page","type-page","status-publish","hentry"],"_links":{"self":[{"href":"https:\/\/sites.lesia.obspm.fr\/thibault-cavalie\/wp-json\/wp\/v2\/pages\/351","targetHints":{"allow":["GET"]}}],"collection":[{"href":"https:\/\/sites.lesia.obspm.fr\/thibault-cavalie\/wp-json\/wp\/v2\/pages"}],"about":[{"href":"https:\/\/sites.lesia.obspm.fr\/thibault-cavalie\/wp-json\/wp\/v2\/types\/page"}],"author":[{"embeddable":true,"href":"https:\/\/sites.lesia.obspm.fr\/thibault-cavalie\/wp-json\/wp\/v2\/users\/45"}],"replies":[{"embeddable":true,"href":"https:\/\/sites.lesia.obspm.fr\/thibault-cavalie\/wp-json\/wp\/v2\/comments?post=351"}],"version-history":[{"count":2,"href":"https:\/\/sites.lesia.obspm.fr\/thibault-cavalie\/wp-json\/wp\/v2\/pages\/351\/revisions"}],"predecessor-version":[{"id":372,"href":"https:\/\/sites.lesia.obspm.fr\/thibault-cavalie\/wp-json\/wp\/v2\/pages\/351\/revisions\/372"}],"wp:attachment":[{"href":"https:\/\/sites.lesia.obspm.fr\/thibault-cavalie\/wp-json\/wp\/v2\/media?parent=351"}],"curies":[{"name":"wp","href":"https:\/\/api.w.org\/{rel}","templated":true}]}}