{"id":291,"date":"2022-07-05T10:54:51","date_gmt":"2022-07-05T08:54:51","guid":{"rendered":"https:\/\/sites.lesia.obspm.fr\/stellarphysics\/?page_id=291"},"modified":"2022-07-07T16:41:08","modified_gmt":"2022-07-07T14:41:08","slug":"talks","status":"publish","type":"page","link":"https:\/\/sites.lesia.obspm.fr\/stellarphysics\/aips-events\/workshops\/aips-workshop-1\/talks\/","title":{"rendered":"Talks"},"content":{"rendered":"\n<p>Here are the talks which were presented at the workshop.<br><\/p>\n\n\n\n<h2 class=\"wp-block-heading\">Day 1<\/h2>\n\n\n\n<h3 class=\"wp-block-heading\">The CESTAM \/ CESAM2k++ code<\/h3>\n\n\n\n<p>Joao Marques<br>Yveline Lebreton: <a href=\"https:\/\/sites.lesia.obspm.fr\/stellarphysics\/files\/2022\/07\/AtelierCodes_Cestam_YLebreton.pdf\">Some inputs and developments of CESTAM<\/a><br>Morgan Deal: <a href=\"https:\/\/sites.lesia.obspm.fr\/stellarphysics\/files\/2022\/07\/Deal_Atelier-Codes-stellaires-27_06_2022.pdf\">Transport of chemical elements<\/a><br>Louis Manchon: <a href=\"https:\/\/sites.lesia.obspm.fr\/stellarphysics\/files\/2022\/07\/Manchon_atelier_code_2022_LManchon_EC.pdf\">Entropy-calibrated modelling with CESTAM<\/a><br>Rhita-Maria Ouazzani: <a href=\"https:\/\/sites.lesia.obspm.fr\/stellarphysics\/files\/2022\/07\/Ouazzani_Codes-Stellaires_RMOuazzani.pdf\">The ACOR oscillation code<\/a><br>Louis Manchon: <a href=\"https:\/\/sites.lesia.obspm.fr\/stellarphysics\/files\/2022\/07\/Manchon_atelier_code_2022_LManchon_2D.pdf\">Transport of angular momentum in 2D<\/a><br><\/p>\n\n\n\n<h3 class=\"wp-block-heading\">Afternoon talks:<\/h3>\n\n\n\n<p>Alain Hui-Bon-Hoa: <a href=\"https:\/\/sites.lesia.obspm.fr\/stellarphysics\/files\/2022\/07\/Huy-bon-haTGEC.pdf\">The Toulouse Geneva Evolution Code (TGEC)<\/a><br>Anthony Noll: <a href=\"https:\/\/sites.lesia.obspm.fr\/stellarphysics\/files\/2022\/07\/presentation_noll_atelier_stellaire.pdf\">Impact of central mixing and nuclear reactions network on the size of convective cores<\/a><br>Facundo Moyano: <a href=\"https:\/\/sites.lesia.obspm.fr\/stellarphysics\/files\/2022\/07\/MOYANO-slides.pdf\">Transport by internal magnetic field through stellar evolution<\/a><\/p>\n\n\n\n<h2 class=\"wp-block-heading\">Day 2<\/h2>\n\n\n\n<h3 class=\"wp-block-heading\">stellar codes discussion<br><\/h3>\n\n\n\n<p>Beno\u00eet Commer\u00e7on &amp; PNPS: <a href=\"https:\/\/sites.lesia.obspm.fr\/stellarphysics\/files\/2022\/07\/ASN_AOCC_Commercon.pdf\">Point sur le num\u00e9rique (enqu\u00eate, AS num\u00e9rique, ANO CC)<\/a><br>Sebastien Deheuvels &amp; PNPS<br><\/p>\n\n\n\n<h3 class=\"wp-block-heading\">The ESTER Code<\/h3>\n\n\n\n<p>Michel Rieutord: <a href=\"https:\/\/sites.lesia.obspm.fr\/stellarphysics\/files\/2022\/07\/ESTER.pdf\">The ESTER project: modelling fast rotating stars<\/a><br>Axel Lazzarotto: <a href=\"https:\/\/sites.lesia.obspm.fr\/stellarphysics\/files\/2022\/07\/Lazzarotto_Talk_codephi_stel.pdf\">Study of intensity spectrum from rapidly rotating stars<\/a><br><\/p>\n\n\n\n<h3 class=\"wp-block-heading\">Afternoon talks<\/h3>\n\n\n\n<p>Daniel Reese: 2<a href=\"https:\/\/sites.lesia.obspm.fr\/stellarphysics\/files\/2022\/07\/talk_TOP.pdf\">D oscillations of ESTER models with the TOP code<\/a><br>Giovanni Mirouh: <a href=\"https:\/\/sites.lesia.obspm.fr\/stellarphysics\/files\/2022\/07\/slides_mirouh_aips.pdf\">Single- and binary-star population synthesis with the binary_c code to constrain stellar evolution.<\/a><br>Lo\u00efc Fellay: <a href=\"https:\/\/sites.lesia.obspm.fr\/stellarphysics\/files\/2022\/07\/Presentation_AIPS1_FELLAY.pdf\">3D static models of close, synchronized binaries in hydrostatic equilibrium<\/a><\/p>\n\n\n\n<h2 class=\"wp-block-heading\">Day 3<\/h2>\n\n\n\n<h3 class=\"wp-block-heading\">The Magic\/parody codes<br><\/h3>\n\n\n\n<p>Paul Barr\u00e8re: <a href=\"https:\/\/sites.lesia.obspm.fr\/stellarphysics\/files\/2022\/07\/Pres_magic_intro.pdf\">Introduction: 3D MHD codes: MagIC and PaRoDy <\/a><br>Raphael Raynaud: <a href=\"https:\/\/sites.lesia.obspm.fr\/stellarphysics\/files\/2022\/07\/talk_raynaud.pdf\">Some Theory: MagIC code<\/a><br>Ludovic Petitdemange &amp; Florentin Daniel: <a href=\"https:\/\/sites.lesia.obspm.fr\/stellarphysics\/files\/2022\/07\/Petitdemange-Daniel_talk.pdf\">Numerical methods: The pseudo-spectral code MagIG\/PaRoDy<\/a><br>Paul Barr\u00e8re: <a href=\"https:\/\/sites.lesia.obspm.fr\/stellarphysics\/files\/2022\/07\/Pres_magic_TaylerTP.pdf\">Some results: Tayler instability, Tayler Spruit dynamo<\/a><br><\/p>\n\n\n\n<h3 class=\"wp-block-heading\">afternoon talks<\/h3>\n\n\n\n<p>Isabelle Baraffe: <a href=\"https:\/\/sites.lesia.obspm.fr\/stellarphysics\/files\/2022\/07\/Baraffe_Paris_atelier_code_2022.pdf\">Multi-dimensional stellar structure models with the fully compressible time implicit code MUSIC<\/a><br>Arthur Le Saux: <a href=\"https:\/\/sites.lesia.obspm.fr\/stellarphysics\/files\/2022\/07\/Lesaux_Meudon_29June22.pdf\">Study of internal gravity waves with MUSIC<\/a><br>Antoine Strugarek: <a href=\"https:\/\/sites.lesia.obspm.fr\/stellarphysics\/files\/2022\/07\/Strugarek_Pluto.pdf\">Solar and stellar physics with the PLUTO code<\/a><br><\/p>\n\n\n\n<h2 class=\"wp-block-heading\">Day 4<\/h2>\n\n\n\n<h3 class=\"wp-block-heading\">The RAMSES Code<\/h3>\n\n\n\n<p>B. Commer\u00e7on: <a href=\"https:\/\/sites.lesia.obspm.fr\/stellarphysics\/files\/2022\/07\/RAMSES_Commercon.pdf\">RAMSES<\/a><br>U. Lebreuilly: <a href=\"https:\/\/sites.lesia.obspm.fr\/stellarphysics\/files\/2022\/07\/Lebreuilly_Slides_Ugo_Lebreuilly.pdf\">Star formation with RAMSES<\/a><br><\/p>\n\n\n\n<h3 class=\"wp-block-heading\">afternoon talks<br><\/h3>\n\n\n\n<p>St\u00e9phane Lizin: <a href=\"https:\/\/sites.lesia.obspm.fr\/stellarphysics\/files\/2022\/07\/Workshop_Paris_Meudon_Stephane_Lizin-.pdf\">First 3D Time-dependent convection model for asteroseismology<\/a><br>Laurent Ibgui: <a href=\"https:\/\/sites.lesia.obspm.fr\/stellarphysics\/files\/2022\/07\/Laurent_Ibgui_AIPS_2022.pdf\">3D Spectral Radiative Transfer with IRIS and 3D Radiation Magnetohydrodynamics with PLUTO: results and perspectives<\/a><br>Maxime Delorme: <a href=\"https:\/\/sites.lesia.obspm.fr\/stellarphysics\/files\/2022\/07\/Delorme_dyablo_wholesun_PNPS_06_22.pdf\">Dyablo-Whole Star: A new simulation code on AMR grids for the simulation or solar-ike stars on exascale supercomputers<\/a><\/p>\n\n\n\n<h2 class=\"wp-block-heading\">Day 5<\/h2>\n\n\n\n<h3 class=\"wp-block-heading\">morning talks<\/h3>\n\n\n\n<p>Louis Amard: <a href=\"https:\/\/sites.lesia.obspm.fr\/stellarphysics\/files\/2022\/07\/Amard_STAREVOL22_en.pdf\">A versatile stellar evolution code : STAREVOL<\/a><br>Daniel Reese: <a href=\"https:\/\/sites.lesia.obspm.fr\/stellarphysics\/files\/2022\/07\/talk_AIMS_SPInS.pdf\">Characterising stars with AIMS and SPInS<\/a><br>Jordan Philidet: <a href=\"https:\/\/sites.lesia.obspm.fr\/stellarphysics\/files\/2022\/07\/slidesJordan.pdf\">PDF Lagrangian models of turbulence for the modelling of convection\/oscillation coupling<\/a><br><\/p>\n\n\n\n<p><\/p>\n","protected":false},"excerpt":{"rendered":"<p>Here are the talks which were presented at the workshop. Day 1 The CESTAM \/ CESAM2k++ code Joao MarquesYveline Lebreton: Some inputs and developments of CESTAMMorgan Deal: Transport of chemical elementsLouis Manchon: Entropy-calibrated modelling with CESTAMRhita-Maria Ouazzani: The ACOR oscillation &hellip; <a href=\"https:\/\/sites.lesia.obspm.fr\/stellarphysics\/aips-events\/workshops\/aips-workshop-1\/talks\/\">Continuer la lecture <span class=\"meta-nav\">&rarr;<\/span><\/a><\/p>\n","protected":false},"author":73,"featured_media":0,"parent":208,"menu_order":0,"comment_status":"closed","ping_status":"closed","template":"","meta":{"footnotes":""},"class_list":["post-291","page","type-page","status-publish","hentry"],"_links":{"self":[{"href":"https:\/\/sites.lesia.obspm.fr\/stellarphysics\/wp-json\/wp\/v2\/pages\/291","targetHints":{"allow":["GET"]}}],"collection":[{"href":"https:\/\/sites.lesia.obspm.fr\/stellarphysics\/wp-json\/wp\/v2\/pages"}],"about":[{"href":"https:\/\/sites.lesia.obspm.fr\/stellarphysics\/wp-json\/wp\/v2\/types\/page"}],"author":[{"embeddable":true,"href":"https:\/\/sites.lesia.obspm.fr\/stellarphysics\/wp-json\/wp\/v2\/users\/73"}],"replies":[{"embeddable":true,"href":"https:\/\/sites.lesia.obspm.fr\/stellarphysics\/wp-json\/wp\/v2\/comments?post=291"}],"version-history":[{"count":21,"href":"https:\/\/sites.lesia.obspm.fr\/stellarphysics\/wp-json\/wp\/v2\/pages\/291\/revisions"}],"predecessor-version":[{"id":359,"href":"https:\/\/sites.lesia.obspm.fr\/stellarphysics\/wp-json\/wp\/v2\/pages\/291\/revisions\/359"}],"up":[{"embeddable":true,"href":"https:\/\/sites.lesia.obspm.fr\/stellarphysics\/wp-json\/wp\/v2\/pages\/208"}],"wp:attachment":[{"href":"https:\/\/sites.lesia.obspm.fr\/stellarphysics\/wp-json\/wp\/v2\/media?parent=291"}],"curies":[{"name":"wp","href":"https:\/\/api.w.org\/{rel}","templated":true}]}}