{"id":41,"date":"2023-07-03T16:08:13","date_gmt":"2023-07-03T14:08:13","guid":{"rendered":"https:\/\/sites.lesia.obspm.fr\/soleils-eclipses\/?page_id=41"},"modified":"2023-12-03T19:31:29","modified_gmt":"2023-12-03T18:31:29","slug":"la-disparition-de-serge-koutchmy-co-auteur-du-livre-soleils-eclipses-fin-mai-2023-a-retarde-la-mise-en-ligne-des-figures-telechargeables-en-haute-resolution-cette-mise-en-ligne-sera-effective-a","status":"publish","type":"page","link":"https:\/\/sites.lesia.obspm.fr\/soleils-eclipses\/","title":{"rendered":"Mise en ligne des figures de \u00ab\u00a0Soleils \u00e9clips\u00e9s\u00a0\u00bb"},"content":{"rendered":"\n<figure class=\"wp-block-image size-full is-resized\"><img loading=\"lazy\" decoding=\"async\" src=\"https:\/\/sites.lesia.obspm.fr\/soleils-eclipses\/files\/2023\/11\/SergeKoutchmy-2011-Photo-JeanMouetteIAP-CNRS-SU-2.jpg\" alt=\"\" class=\"wp-image-204\" width=\"270\" height=\"337\" srcset=\"https:\/\/sites.lesia.obspm.fr\/soleils-eclipses\/files\/2023\/11\/SergeKoutchmy-2011-Photo-JeanMouetteIAP-CNRS-SU-2.jpg 1120w, https:\/\/sites.lesia.obspm.fr\/soleils-eclipses\/files\/2023\/11\/SergeKoutchmy-2011-Photo-JeanMouetteIAP-CNRS-SU-2-822x1024.jpg 822w, https:\/\/sites.lesia.obspm.fr\/soleils-eclipses\/files\/2023\/11\/SergeKoutchmy-2011-Photo-JeanMouetteIAP-CNRS-SU-2-768x957.jpg 768w\" sizes=\"auto, (max-width: 270px) 100vw, 270px\" \/><\/figure>\n\n\n\n<p>Ce site, d\u00fb \u00e0 l&rsquo;obligeance de l&rsquo;Observatoire de Paris (LESIA), met \u00e0 disposition des lecteurs de l&rsquo;ouvrage <em>Soleils \u00e9clips\u00e9s<\/em> (EDP Science 2023) une grande partie des images qui l&rsquo;illustrent, t\u00e9l\u00e9chargeables en haute r\u00e9solution depuis la page qui suit. Cette pr\u00e9sentation est faite en hommage \u00e0 Serge Koutchmy (1961-2023), astronome sp\u00e9cialiste de physique du Soleil et co-auteur de cet ouvrage. Il est ici photographi\u00e9 en 2011 par Jean Mouette, son coll\u00e8gue \u00e0 l&rsquo;Institut d&rsquo;Astrophysique de Paris, CNRS. <\/p>\n\n\n\n<p><em>La c\u00e9l\u00e9bration du cinquantenaire du vol de Concorde 001, lors de l&rsquo;\u00e9clipse solaire du 30 Juin 1973, a donn\u00e9 lieu \u00e0 une s\u00e9rie de vid\u00e9os, pr\u00e9par\u00e9e par le Mus\u00e9e de l&rsquo;Air et de l&rsquo;Espace du Bourget, et accessibles en ligne : https:\/\/www.youtube.com\/watch?v=oYC3Tudu5DA.<\/em><\/p>\n\n\n\n<p><\/p>\n","protected":false},"excerpt":{"rendered":"<p>Ce site, d\u00fb \u00e0 l&rsquo;obligeance de l&rsquo;Observatoire de Paris (LESIA), met \u00e0 disposition des lecteurs de l&rsquo;ouvrage Soleils \u00e9clips\u00e9s (EDP Science 2023) une grande partie des images qui l&rsquo;illustrent, t\u00e9l\u00e9chargeables en haute r\u00e9solution depuis la page qui suit. Cette pr\u00e9sentation &hellip; <a href=\"https:\/\/sites.lesia.obspm.fr\/soleils-eclipses\/\">Continue reading <span class=\"meta-nav\">&rarr;<\/span><\/a><\/p>\n","protected":false},"author":25,"featured_media":0,"parent":0,"menu_order":0,"comment_status":"closed","ping_status":"closed","template":"","meta":{"footnotes":""},"class_list":["post-41","page","type-page","status-publish","hentry"],"_links":{"self":[{"href":"https:\/\/sites.lesia.obspm.fr\/soleils-eclipses\/wp-json\/wp\/v2\/pages\/41","targetHints":{"allow":["GET"]}}],"collection":[{"href":"https:\/\/sites.lesia.obspm.fr\/soleils-eclipses\/wp-json\/wp\/v2\/pages"}],"about":[{"href":"https:\/\/sites.lesia.obspm.fr\/soleils-eclipses\/wp-json\/wp\/v2\/types\/page"}],"author":[{"embeddable":true,"href":"https:\/\/sites.lesia.obspm.fr\/soleils-eclipses\/wp-json\/wp\/v2\/users\/25"}],"replies":[{"embeddable":true,"href":"https:\/\/sites.lesia.obspm.fr\/soleils-eclipses\/wp-json\/wp\/v2\/comments?post=41"}],"version-history":[{"count":11,"href":"https:\/\/sites.lesia.obspm.fr\/soleils-eclipses\/wp-json\/wp\/v2\/pages\/41\/revisions"}],"predecessor-version":[{"id":215,"href":"https:\/\/sites.lesia.obspm.fr\/soleils-eclipses\/wp-json\/wp\/v2\/pages\/41\/revisions\/215"}],"wp:attachment":[{"href":"https:\/\/sites.lesia.obspm.fr\/soleils-eclipses\/wp-json\/wp\/v2\/media?parent=41"}],"curies":[{"name":"wp","href":"https:\/\/api.w.org\/{rel}","templated":true}]}}

Mise en ligne des figures de « Soleils éclipsés »

<figure class="wp-block-image size-full is-resized"><img loading="lazy" decoding="async" src="https://sites.lesia.obspm.fr/soleils-eclipses/files/2023/11/SergeKoutchmy-2011-Photo-JeanMouetteIAP-CNRS-SU-2.jpg" alt="" class="wp-image-204" width="270" height="337" srcset="https://sites.lesia.obspm.fr/soleils-eclipses/files/2023/11/SergeKoutchmy-2011-Photo-JeanMouetteIAP-CNRS-SU-2.jpg 1120w, https://sites.lesia.obspm.fr/soleils-eclipses/files/2023/11/SergeKoutchmy-2011-Photo-JeanMouetteIAP-CNRS-SU-2-822x1024.jpg 822w, https://sites.lesia.obspm.fr/soleils-eclipses/files/2023/11/SergeKoutchmy-2011-Photo-JeanMouetteIAP-CNRS-SU-2-768x957.jpg 768w" sizes="auto, (max-width: 270px) 100vw, 270px" /></figure>



<p>Ce site, dû à l&rsquo;obligeance de l&rsquo;Observatoire de Paris (LESIA), met à disposition des lecteurs de l&rsquo;ouvrage <em>Soleils éclipsés</em> (EDP Science 2023) une grande partie des images qui l&rsquo;illustrent, téléchargeables en haute résolution depuis la page qui suit. Cette présentation est faite en hommage à Serge Koutchmy (1961-2023), astronome spécialiste de physique du Soleil et co-auteur de cet ouvrage. Il est ici photographié en 2011 par Jean Mouette, son collègue à l&rsquo;Institut d&rsquo;Astrophysique de Paris, CNRS. </p>



<p><em>La célébration du cinquantenaire du vol de Concorde 001, lors de l&rsquo;éclipse solaire du 30 Juin 1973, a donné lieu à une série de vidéos, préparée par le Musée de l&rsquo;Air et de l&rsquo;Espace du Bourget, et accessibles en ligne : https://www.youtube.com/watch?v=oYC3Tudu5DA.</em></p>



<p></p>

<p>Ce site, dû à l&rsquo;obligeance de l&rsquo;Observatoire de Paris (LESIA), met à disposition des lecteurs de l&rsquo;ouvrage Soleils éclipsés (EDP Science 2023) une grande partie des images qui l&rsquo;illustrent, téléchargeables en haute résolution depuis la page qui suit. Cette présentation &hellip; <a href="https://sites.lesia.obspm.fr/soleils-eclipses/">Continue reading <span class="meta-nav">&rarr;</span></a></p>
