{"id":260,"date":"2023-11-02T18:35:31","date_gmt":"2023-11-02T17:35:31","guid":{"rendered":"https:\/\/sites.lesia.obspm.fr\/lea-griton\/?page_id=260"},"modified":"2023-11-02T18:35:31","modified_gmt":"2023-11-02T17:35:31","slug":"le-jeu-solar-orbiter","status":"publish","type":"page","link":"https:\/\/sites.lesia.obspm.fr\/lea-griton\/le-jeu-solar-orbiter\/","title":{"rendered":"Le Jeu Solar Orbiter"},"content":{"rendered":"\n<p>Edit\u00e9 en septembre 2022, le jeu Solar Orbiter a \u00e9t\u00e9 cr\u00e9\u00e9 par L\u00e9a Griton, avec le concours du studio Ogham (prestataire du Cnes) pour la conception graphique (r\u00e9alis\u00e9e par Fr\u00e9d\u00e9ric Stelmarski sous la coordination de Sandrine Bourdoiseau). L&rsquo;\u00e9dition de 50 exemplaires de la bo\u00eete du jeu a \u00e9t\u00e9 financ\u00e9e par le projet Solar Orbiter au Cnes, sous la ma\u00eetrise d&rsquo;oeuvre de Desi Raulin. <\/p>\n\n\n\n<p>Pour obtenir une bo\u00eete du jeu (en pr\u00eat), n&rsquo;h\u00e9sitez pas \u00e0 contacter le service Education Jeunesse de la Direction de la communication du Cnes : \u00e0 partir de l&rsquo;onglet \u00ab\u00a0<a href=\"https:\/\/cnes.fr\/fr\/contactez-nous\" target=\"_blank\" rel=\"noreferrer noopener\">Contactez-nous<\/a>\u00a0\u00bb du site du Cnes, formulez votre demande dans la rubrique \u00ab\u00a0espace professionnel Enseignants et m\u00e9diateurs\u00a0\u00bb. Le jeu a \u00e9t\u00e9 pens\u00e9 pour \u00eatre pris en main rapidement dans les classes, pour un atelier dans une manifestation de culture scientifique, ou \u00eatre jou\u00e9 avec des stagiaires ou lors d&rsquo;une journ\u00e9e porte ouverte. <\/p>\n\n\n\n<p><strong>Faites d\u00e9couvrir les enjeux scientifiques de la mission d&rsquo;exploration de notre \u00e9toile<\/strong><\/p>\n\n\n\n<p>Le but de ce jeu est de vous faire d\u00e9couvrir les enjeux scientifiques de la mission d&rsquo;exploration de notre \u00e9toile : Solar Orbiter. Pour cela, mettez-vous dans la peau des scientifiques de la mission, accumulez les mesures et les d\u00e9couvertes, choisissez judicieusement des coll\u00e8gues utiles \u00e0 votre laboratoire pour remporter le maximum de points avant la fin de la mission !\u00a0<\/p>\n\n\n\n<p>Dur\u00e9e d&rsquo;une partie : \u00e0 adapter au contexte, de 20 minutes \u00e0 1h30 ! <\/p>\n\n\n\n<p>Nombre de joueurs : de 2 \u00e0 16 en plus du ma\u00eetre du jeu<\/p>\n\n\n\n<p>Niveau des questions : \u00e0 partir du coll\u00e8ge (grand public)<\/p>\n\n\n\n<p>Pour toute question sur le jeu : lea.griton \u00ab\u00a0at\u00a0\u00bb obspm.fr<\/p>\n\n\n\n<p><strong>Objectifs p\u00e9dagogiques<\/strong><br>Les objectifs p\u00e9dagogiques que vous pouvez d\u00e9velopper avec \u201c Solar Orbiter : le jeu\u201d sont :<\/p>\n\n\n\n<ul class=\"wp-block-list\">\n<li>apprendre les enjeux d\u2019une mission spatiale scientifique ;<\/li>\n\n\n\n<li>d\u00e9couvrir les m\u00e9tiers de la recherche ;<\/li>\n\n\n\n<li>tester et enrichir sa culture g\u00e9n\u00e9rale, en particulier autour de l\u2019astronomie.<\/li>\n<\/ul>\n\n\n\n<p>Votre r\u00f4le est important pour int\u00e9grer le pr\u00e9sent jeu \u00e0 votre projet \u00e9ducatif.<br>Vous devrez vous approprier cet outil, avec un peu de pratique, pour l\u2019adapter \u00e0 vos \u00e9l\u00e8ves et votre programme. Impliquer vos joueurs dans le contexte de cette mission augmentera leur attention et leur motivation. Par exemple, le r\u00f4le du Responsable d\u2019agence spatiale peut \u00eatre tenu par un ou une \u00e9l\u00e8ve.<\/p>\n\n\n\n<p>Un travail en amont peut consister \u00e0 ajouter vos propres questions \u00e0 celles propos\u00e9es dans le livret du jeu.<\/p>\n\n\n\n<p><strong><br>Synopsis du jeu Solar Orbiter<\/strong><br>Vous \u00eates responsable de la mission spatiale Solar Orbiter \u00e0 l\u2019agence spatiale europ\u00e9enne.<br>Vous pilotez cette mission, dont l\u2019objectif scientifique est d\u2019\u00e9tudier le Soleil et le vent solaire. Cette mission, sur le point d\u2019\u00eatre lanc\u00e9e dans l\u2019espace, int\u00e9resse de nombreux chercheurs, chercheuses, ing\u00e9nieurs, ing\u00e9nieures, techniciens, techniciennes, qui ont contribu\u00e9 \u00e0 la pr\u00e9parer (les scientifiques, jou\u00e9s par vos \u00e9l\u00e8ves\/votre public).<\/p>\n\n\n\n<p>Ces Scientifiques se r\u00e9partissent dans plusieurs Laboratoires (ou \u00e9quipes, maximum 4 \u00e9quipes).<br>\u00c0 partir du lancement, et jusqu\u2019\u00e0 la fin de la mission, chaque laboratoire va accumuler des mesures scientifiques, des pouvoirs de t\u00e9l\u00e9m\u00e9trie et des coll\u00e8gues qui vont lui permettre de publier un ou plusieurs articles. Attention aux accidents ! La sonde spatiale embarque 10 instruments scientifiques, s\u2019ils sont tous d\u00e9truits, le jeu est termin\u00e9. Le Laboratoire qui obtiendra le plus de points \u00e0 la fin de la partie gagnera la prime d\u2019objectifs annuels et votre reconnaissance \u00e9ternelle.<\/p>\n","protected":false},"excerpt":{"rendered":"<p>Edit\u00e9 en septembre 2022, le jeu Solar Orbiter a \u00e9t\u00e9 cr\u00e9\u00e9 par L\u00e9a Griton, avec le concours du studio Ogham (prestataire du Cnes) pour la conception graphique (r\u00e9alis\u00e9e par Fr\u00e9d\u00e9ric Stelmarski sous la coordination de Sandrine Bourdoiseau). L&rsquo;\u00e9dition de 50 &hellip; <a href=\"https:\/\/sites.lesia.obspm.fr\/lea-griton\/le-jeu-solar-orbiter\/\">Continuer la lecture <span class=\"meta-nav\">&rarr;<\/span><\/a><\/p>\n","protected":false},"author":52,"featured_media":262,"parent":0,"menu_order":0,"comment_status":"closed","ping_status":"closed","template":"","meta":{"footnotes":""},"class_list":["post-260","page","type-page","status-publish","has-post-thumbnail","hentry"],"_links":{"self":[{"href":"https:\/\/sites.lesia.obspm.fr\/lea-griton\/wp-json\/wp\/v2\/pages\/260","targetHints":{"allow":["GET"]}}],"collection":[{"href":"https:\/\/sites.lesia.obspm.fr\/lea-griton\/wp-json\/wp\/v2\/pages"}],"about":[{"href":"https:\/\/sites.lesia.obspm.fr\/lea-griton\/wp-json\/wp\/v2\/types\/page"}],"author":[{"embeddable":true,"href":"https:\/\/sites.lesia.obspm.fr\/lea-griton\/wp-json\/wp\/v2\/users\/52"}],"replies":[{"embeddable":true,"href":"https:\/\/sites.lesia.obspm.fr\/lea-griton\/wp-json\/wp\/v2\/comments?post=260"}],"version-history":[{"count":2,"href":"https:\/\/sites.lesia.obspm.fr\/lea-griton\/wp-json\/wp\/v2\/pages\/260\/revisions"}],"predecessor-version":[{"id":263,"href":"https:\/\/sites.lesia.obspm.fr\/lea-griton\/wp-json\/wp\/v2\/pages\/260\/revisions\/263"}],"wp:featuredmedia":[{"embeddable":true,"href":"https:\/\/sites.lesia.obspm.fr\/lea-griton\/wp-json\/wp\/v2\/media\/262"}],"wp:attachment":[{"href":"https:\/\/sites.lesia.obspm.fr\/lea-griton\/wp-json\/wp\/v2\/media?parent=260"}],"curies":[{"name":"wp","href":"https:\/\/api.w.org\/{rel}","templated":true}]}}