{"id":155,"date":"2019-12-26T20:07:11","date_gmt":"2019-12-26T19:07:11","guid":{"rendered":"https:\/\/sites.lesia.obspm.fr\/lea-griton\/?page_id=155"},"modified":"2023-11-12T14:25:17","modified_gmt":"2023-11-12T13:25:17","slug":"revue-de-presse","status":"publish","type":"page","link":"https:\/\/sites.lesia.obspm.fr\/lea-griton\/revue-de-presse\/","title":{"rendered":"Revue de presse"},"content":{"rendered":"\n<p class=\"has-black-color has-text-color\">Je recense ici mes principales interventions dans les m\u00e9dias. <strong>(French-speaking media only)<\/strong><\/p>\n\n\n\n<p>Dans la matinale de France inter, rubrique \u00ab\u00a0Les Nouvelles t\u00eates\u00a0\u00bb de Mathilde Serrell \u00e0 9h50.<\/p>\n\n\n\n<figure class=\"wp-block-embed is-type-video is-provider-youtube wp-block-embed-youtube wp-embed-aspect-16-9 wp-has-aspect-ratio\"><div class=\"wp-block-embed__wrapper\">\n<iframe loading=\"lazy\" title=\"&quot;L&#039;astrophysique, c&#039;est un m\u00e9tier o\u00f9 l&#039;on se projette en permanence dans le futur&quot; L\u00e9a Griton-No\u00ebl\" width=\"584\" height=\"329\" src=\"https:\/\/www.youtube.com\/embed\/rupJTg1u_zY?feature=oembed\" frameborder=\"0\" allow=\"accelerometer; autoplay; clipboard-write; encrypted-media; gyroscope; picture-in-picture; web-share\" referrerpolicy=\"strict-origin-when-cross-origin\" allowfullscreen><\/iframe>\n<\/div><\/figure>\n\n\n\n<p>Sur NRJ Belgique, dans l&rsquo;\u00e9mission de Mike vers 20h, le 28 septembre 2023.<\/p>\n\n\n\n<p><a href=\"https:\/\/www.nrj.be\/replay\/videos\/30679\/lea-griton-noel-astrophysicienne-nous-donne-les-plus-grands-secrets-sur-l-espace\">https:\/\/www.nrj.be\/replay\/videos\/30679\/lea-griton-noel-astrophysicienne-nous-donne-les-plus-grands-secrets-sur-l-espace<\/a><\/p>\n\n\n\n<p>Sur Kombini, vid\u00e9o mise en ligne le 22 septembre 2023.<\/p>\n\n\n\n<figure class=\"wp-block-embed is-type-video is-provider-youtube wp-block-embed-youtube wp-embed-aspect-16-9 wp-has-aspect-ratio\"><div class=\"wp-block-embed__wrapper\">\n<iframe loading=\"lazy\" title=\"5 faits sur les plan\u00e8tes qu&#039;on a TOUJOURS voulu savoir \ud83e\ude90 l Le Simple de L\u00e9a Griton-No\u00ebl\" width=\"584\" height=\"329\" src=\"https:\/\/www.youtube.com\/embed\/ST9P9WAfSRA?feature=oembed\" frameborder=\"0\" allow=\"accelerometer; autoplay; clipboard-write; encrypted-media; gyroscope; picture-in-picture; web-share\" referrerpolicy=\"strict-origin-when-cross-origin\" allowfullscreen><\/iframe>\n<\/div><\/figure>\n\n\n\n<p>&#8211;<\/p>\n\n\n\n<p>Sur M6, lors d&rsquo;un reportage sur les aurores r\u00e9alis\u00e9 pour l&rsquo;\u00e9mission \u00ab\u00a0E=M6\u00a0\u00bb, et diffus\u00e9 le 10 septembre 2023 (je pr\u00e9sente la Planeterrella du LESIA h\u00e9berg\u00e9e \u00e0 Sorbonne Universit\u00e9).<\/p>\n\n\n\n<p>Interview dans \u00ab\u00a0Femina\u00a0\u00bb, magazine suisse. publi\u00e9 en ligne le 31 ao\u00fbt 2023 :<br><a rel=\"noreferrer noopener\" href=\"https:\/\/www.femina.ch\/societe\/actu-societe\/lastrophysicienne-lea-griton-noel-publie-en-quete-de-planetes\" target=\"_blank\">https:\/\/www.femina.ch\/societe\/actu-societe\/lastrophysicienne-lea-griton-noel-publie-en-quete-de-planetes<\/a><\/p>\n\n\n\n<p>Dans \u00ab\u00a0L&rsquo;Actu\u00a0\u00bb, interview publi\u00e9e le 28 septembre 2023 \u00e0 destination des adolescents.<\/p>\n\n\n\n<p><\/p>\n\n\n\n<figure class=\"wp-block-image size-full\"><img loading=\"lazy\" decoding=\"async\" width=\"640\" height=\"480\" src=\"https:\/\/sites.lesia.obspm.fr\/lea-griton\/files\/2023\/08\/autour_de_la_question_RFI_2023.png\" alt=\"\" class=\"wp-image-248\" srcset=\"https:\/\/sites.lesia.obspm.fr\/lea-griton\/files\/2023\/08\/autour_de_la_question_RFI_2023.png 640w, https:\/\/sites.lesia.obspm.fr\/lea-griton\/files\/2023\/08\/autour_de_la_question_RFI_2023-300x225.png 300w, https:\/\/sites.lesia.obspm.fr\/lea-griton\/files\/2023\/08\/autour_de_la_question_RFI_2023-400x300.png 400w\" sizes=\"auto, (max-width: 640px) 100vw, 640px\" \/><\/figure>\n\n\n\n<p>Sur <em>RFI<\/em>, avec Caroline Lachowsky pour l&rsquo;\u00e9mission \u00ab\u00a0Autour de la Question\u00a0\u00bb, le 11 juillet 2023 (cr\u00e9dits photo : RFI) :<\/p>\n\n\n\n<p><a href=\"https:\/\/www.rfi.fr\/fr\/podcasts\/autour-de-la-question\/20230711-pourquoi-et-comment-explorer-uranus\">https:\/\/www.rfi.fr\/fr\/podcasts\/autour-de-la-question\/20230711-pourquoi-et-comment-explorer-uranus<\/a><\/p>\n\n\n\n<p>Dans<em> Le Monde<\/em>, \u00e0 propos de l&rsquo;exploration d&rsquo;Uranus : <a rel=\"noreferrer noopener\" href=\"https:\/\/www.lemonde.fr\/sciences\/article\/2022\/04\/30\/partir-pour-uranus-c-est-prendre-le-risque-de-faire-de-tres-grandes-decouvertes_6124297_1650684.html\" target=\"_blank\">https:\/\/www.lemonde.fr\/sciences\/article\/2022\/04\/30\/partir-pour-uranus-c-est-prendre-le-risque-de-faire-de-tres-grandes-decouvertes_6124297_1650684.html<\/a><\/p>\n\n\n\n<p>3 interventions sur <em>France Culture<\/em>, dans le Journal des Sciences, le 9 octobre (sur des <a href=\"https:\/\/www.franceculture.fr\/emissions\/le-journal-des-sciences\/le-journal-des-sciences-du-vendredi-09-octobre-2020\">fragments de V\u00e9nus sur la Lune<\/a>) ici, le 21 octobre (sur <a href=\"https:\/\/www.franceculture.fr\/emissions\/le-journal-des-sciences\/le-journal-des-sciences-du-mercredi-21-octobre-2020\">OSIRIS Rex<\/a>) et au journal de 8h du 21 d\u00e9cembre 2020, sur la <a href=\"https:\/\/www.franceculture.fr\/sciences\/baiser-de-noel-lune-de-sang-ou-riviere-noire-vulgariser-les-phenomenes-astronomiques\">grande conjonction de Jupiter et Saturne<\/a>.<\/p>\n\n\n\n<p>Dans Mon Quotidien, je r\u00e9ponds \u00e0 la question : <a>Pourquoi, en hiver, le Soleil est-il plus bas dans le ciel?<\/a><\/p>\n\n\n\n<p><a href=\"https:\/\/monquotidien.playbacpresse.fr\/article\/pourquoi-en-hiver-le-soleil-est-il-plus-bas-dans-le-ciel\">https:\/\/monquotidien.playbacpresse.fr\/article\/pourquoi-en-hiver-le-soleil-est-il-plus-bas-dans-le-ciel<\/a><\/p>\n\n\n\n<p>Dans Ouest France, \u00e0 propos des exoplan\u00e8tes :<br> <a href=\"https:\/\/www.ouest-france.fr\/leditiondusoir\/data\/57729\/reader\/reader.html#!preferred\/1\/package\/57729\/pub\/83439\/page\/16\">https:\/\/www.ouest-france.fr\/leditiondusoir\/data\/57729\/reader\/reader.html#!preferred\/1\/package\/57729\/pub\/83439\/page\/16<\/a><\/p>\n\n\n\n<p>Dans la Voix du Nord, \u00e0 propos de BepiColombo : <a href=\"https:\/\/www.lavoixdunord.fr\/618028\/article\/2019-07-26\/bepicolombo-en-route-vers-mercure-une-mission-dans-le-vent-solaire\">https:\/\/www.lavoixdunord.fr\/618028\/article\/2019-07-26\/bepicolombo-en-route-vers-mercure-une-mission-dans-le-vent-solaire<\/a><\/p>\n\n\n\n<p>Dans Le Monde, \u00e0 propos de la pr\u00e9paration d&rsquo;une mission d&rsquo;exploration des g\u00e9antes de glace :<br><a href=\"https:\/\/www.lemonde.fr\/sciences\/article\/2018\/11\/19\/qui-sont-les-marathoniens-de-la-science_5385727_1650684.html\">https:\/\/www.lemonde.fr\/sciences\/article\/2018\/11\/19\/qui-sont-les-marathoniens-de-la-science_5385727_1650684.html<\/a><\/p>\n\n\n\n<p>Interview sur le parcours professionnel : <br>\u00ab\u00a0<em>Les<\/em>&nbsp;stages m&rsquo;ont propuls\u00e9e dans&nbsp;<em>les<\/em>&nbsp;\u00e9toiles\u00a0\u00bb.&nbsp;<em>Phosphore<\/em>, septembre 2015, 411, p. 84<\/p>\n","protected":false},"excerpt":{"rendered":"<p>Je recense ici mes principales interventions dans les m\u00e9dias. (French-speaking media only) Dans la matinale de France inter, rubrique \u00ab\u00a0Les Nouvelles t\u00eates\u00a0\u00bb de Mathilde Serrell \u00e0 9h50. Sur NRJ Belgique, dans l&rsquo;\u00e9mission de Mike vers 20h, le 28 septembre 2023. &hellip; <a href=\"https:\/\/sites.lesia.obspm.fr\/lea-griton\/revue-de-presse\/\">Continuer la lecture <span class=\"meta-nav\">&rarr;<\/span><\/a><\/p>\n","protected":false},"author":52,"featured_media":0,"parent":0,"menu_order":0,"comment_status":"closed","ping_status":"closed","template":"","meta":{"footnotes":""},"class_list":["post-155","page","type-page","status-publish","hentry"],"_links":{"self":[{"href":"https:\/\/sites.lesia.obspm.fr\/lea-griton\/wp-json\/wp\/v2\/pages\/155","targetHints":{"allow":["GET"]}}],"collection":[{"href":"https:\/\/sites.lesia.obspm.fr\/lea-griton\/wp-json\/wp\/v2\/pages"}],"about":[{"href":"https:\/\/sites.lesia.obspm.fr\/lea-griton\/wp-json\/wp\/v2\/types\/page"}],"author":[{"embeddable":true,"href":"https:\/\/sites.lesia.obspm.fr\/lea-griton\/wp-json\/wp\/v2\/users\/52"}],"replies":[{"embeddable":true,"href":"https:\/\/sites.lesia.obspm.fr\/lea-griton\/wp-json\/wp\/v2\/comments?post=155"}],"version-history":[{"count":6,"href":"https:\/\/sites.lesia.obspm.fr\/lea-griton\/wp-json\/wp\/v2\/pages\/155\/revisions"}],"predecessor-version":[{"id":272,"href":"https:\/\/sites.lesia.obspm.fr\/lea-griton\/wp-json\/wp\/v2\/pages\/155\/revisions\/272"}],"wp:attachment":[{"href":"https:\/\/sites.lesia.obspm.fr\/lea-griton\/wp-json\/wp\/v2\/media?parent=155"}],"curies":[{"name":"wp","href":"https:\/\/api.w.org\/{rel}","templated":true}]}}

<p class="has-black-color has-text-color">Je recense ici mes principales interventions dans les médias. <strong>(French-speaking media only)</strong></p>



<p>Dans la matinale de France inter, rubrique « Les Nouvelles têtes » de Mathilde Serrell à 9h50.</p>



<figure class="wp-block-embed is-type-video is-provider-youtube wp-block-embed-youtube wp-embed-aspect-16-9 wp-has-aspect-ratio"><div class="wp-block-embed__wrapper">
<iframe loading="lazy" title="&quot;L&#039;astrophysique, c&#039;est un métier où l&#039;on se projette en permanence dans le futur&quot; Léa Griton-Noël" width="584" height="329" src="https://www.youtube.com/embed/rupJTg1u_zY?feature=oembed" frameborder="0" allow="accelerometer; autoplay; clipboard-write; encrypted-media; gyroscope; picture-in-picture; web-share" referrerpolicy="strict-origin-when-cross-origin" allowfullscreen></iframe>
</div></figure>



<p>Sur NRJ Belgique, dans l&rsquo;émission de Mike vers 20h, le 28 septembre 2023.</p>



<p><a href="https://www.nrj.be/replay/videos/30679/lea-griton-noel-astrophysicienne-nous-donne-les-plus-grands-secrets-sur-l-espace">https://www.nrj.be/replay/videos/30679/lea-griton-noel-astrophysicienne-nous-donne-les-plus-grands-secrets-sur-l-espace</a></p>



<p>Sur Kombini, vidéo mise en ligne le 22 septembre 2023.</p>



<figure class="wp-block-embed is-type-video is-provider-youtube wp-block-embed-youtube wp-embed-aspect-16-9 wp-has-aspect-ratio"><div class="wp-block-embed__wrapper">
<iframe loading="lazy" title="5 faits sur les planètes qu&#039;on a TOUJOURS voulu savoir 🪐 l Le Simple de Léa Griton-Noël" width="584" height="329" src="https://www.youtube.com/embed/ST9P9WAfSRA?feature=oembed" frameborder="0" allow="accelerometer; autoplay; clipboard-write; encrypted-media; gyroscope; picture-in-picture; web-share" referrerpolicy="strict-origin-when-cross-origin" allowfullscreen></iframe>
</div></figure>



<p>&#8211;</p>



<p>Sur M6, lors d&rsquo;un reportage sur les aurores réalisé pour l&rsquo;émission « E=M6 », et diffusé le 10 septembre 2023 (je présente la Planeterrella du LESIA hébergée à Sorbonne Université).</p>



<p>Interview dans « Femina », magazine suisse. publié en ligne le 31 août 2023 :<br><a rel="noreferrer noopener" href="https://www.femina.ch/societe/actu-societe/lastrophysicienne-lea-griton-noel-publie-en-quete-de-planetes" target="_blank">https://www.femina.ch/societe/actu-societe/lastrophysicienne-lea-griton-noel-publie-en-quete-de-planetes</a></p>



<p>Dans « L&rsquo;Actu », interview publiée le 28 septembre 2023 à destination des adolescents.</p>



<p></p>



<figure class="wp-block-image size-full"><img loading="lazy" decoding="async" width="640" height="480" src="https://sites.lesia.obspm.fr/lea-griton/files/2023/08/autour_de_la_question_RFI_2023.png" alt="" class="wp-image-248" srcset="https://sites.lesia.obspm.fr/lea-griton/files/2023/08/autour_de_la_question_RFI_2023.png 640w, https://sites.lesia.obspm.fr/lea-griton/files/2023/08/autour_de_la_question_RFI_2023-300x225.png 300w, https://sites.lesia.obspm.fr/lea-griton/files/2023/08/autour_de_la_question_RFI_2023-400x300.png 400w" sizes="auto, (max-width: 640px) 100vw, 640px" /></figure>



<p>Sur <em>RFI</em>, avec Caroline Lachowsky pour l&rsquo;émission « Autour de la Question », le 11 juillet 2023 (crédits photo : RFI) :</p>



<p><a href="https://www.rfi.fr/fr/podcasts/autour-de-la-question/20230711-pourquoi-et-comment-explorer-uranus">https://www.rfi.fr/fr/podcasts/autour-de-la-question/20230711-pourquoi-et-comment-explorer-uranus</a></p>



<p>Dans<em> Le Monde</em>, à propos de l&rsquo;exploration d&rsquo;Uranus : <a rel="noreferrer noopener" href="https://www.lemonde.fr/sciences/article/2022/04/30/partir-pour-uranus-c-est-prendre-le-risque-de-faire-de-tres-grandes-decouvertes_6124297_1650684.html" target="_blank">https://www.lemonde.fr/sciences/article/2022/04/30/partir-pour-uranus-c-est-prendre-le-risque-de-faire-de-tres-grandes-decouvertes_6124297_1650684.html</a></p>



<p>3 interventions sur <em>France Culture</em>, dans le Journal des Sciences, le 9 octobre (sur des <a href="https://www.franceculture.fr/emissions/le-journal-des-sciences/le-journal-des-sciences-du-vendredi-09-octobre-2020">fragments de Vénus sur la Lune</a>) ici, le 21 octobre (sur <a href="https://www.franceculture.fr/emissions/le-journal-des-sciences/le-journal-des-sciences-du-mercredi-21-octobre-2020">OSIRIS Rex</a>) et au journal de 8h du 21 décembre 2020, sur la <a href="https://www.franceculture.fr/sciences/baiser-de-noel-lune-de-sang-ou-riviere-noire-vulgariser-les-phenomenes-astronomiques">grande conjonction de Jupiter et Saturne</a>.</p>



<p>Dans Mon Quotidien, je réponds à la question : <a>Pourquoi, en hiver, le Soleil est-il plus bas dans le ciel?</a></p>



<p><a href="https://monquotidien.playbacpresse.fr/article/pourquoi-en-hiver-le-soleil-est-il-plus-bas-dans-le-ciel">https://monquotidien.playbacpresse.fr/article/pourquoi-en-hiver-le-soleil-est-il-plus-bas-dans-le-ciel</a></p>



<p>Dans Ouest France, à propos des exoplanètes :<br> <a href="https://www.ouest-france.fr/leditiondusoir/data/57729/reader/reader.html#!preferred/1/package/57729/pub/83439/page/16">https://www.ouest-france.fr/leditiondusoir/data/57729/reader/reader.html#!preferred/1/package/57729/pub/83439/page/16</a></p>



<p>Dans la Voix du Nord, à propos de BepiColombo : <a href="https://www.lavoixdunord.fr/618028/article/2019-07-26/bepicolombo-en-route-vers-mercure-une-mission-dans-le-vent-solaire">https://www.lavoixdunord.fr/618028/article/2019-07-26/bepicolombo-en-route-vers-mercure-une-mission-dans-le-vent-solaire</a></p>



<p>Dans Le Monde, à propos de la préparation d&rsquo;une mission d&rsquo;exploration des géantes de glace :<br><a href="https://www.lemonde.fr/sciences/article/2018/11/19/qui-sont-les-marathoniens-de-la-science_5385727_1650684.html">https://www.lemonde.fr/sciences/article/2018/11/19/qui-sont-les-marathoniens-de-la-science_5385727_1650684.html</a></p>



<p>Interview sur le parcours professionnel : <br>« <em>Les</em>&nbsp;stages m&rsquo;ont propulsée dans&nbsp;<em>les</em>&nbsp;étoiles ».&nbsp;<em>Phosphore</em>, septembre 2015, 411, p. 84</p>

<p>Je recense ici mes principales interventions dans les médias. (French-speaking media only) Dans la matinale de France inter, rubrique « Les Nouvelles têtes » de Mathilde Serrell à 9h50. Sur NRJ Belgique, dans l&rsquo;émission de Mike vers 20h, le 28 septembre 2023. &hellip; <a href="https://sites.lesia.obspm.fr/lea-griton/revue-de-presse/">Continuer la lecture <span class="meta-nav">&rarr;</span></a></p>
