{"id":647,"date":"2024-08-07T13:27:49","date_gmt":"2024-08-07T11:27:49","guid":{"rendered":"https:\/\/sites.lesia.obspm.fr\/federation-nanosats\/?page_id=647"},"modified":"2025-10-02T11:34:51","modified_gmt":"2025-10-02T09:34:51","slug":"members","status":"publish","type":"page","link":"https:\/\/sites.lesia.obspm.fr\/federation-nanosats\/en\/members\/","title":{"rendered":"Members"},"content":{"rendered":"\n<div class=\"wp-block-cover alignfull\"><img loading=\"lazy\" decoding=\"async\" width=\"1920\" height=\"350\" class=\"wp-block-cover__image-background wp-image-340\" alt=\"\" src=\"https:\/\/sites.lesia.obspm.fr\/federation-nanosats\/files\/2024\/08\/banniere-generique2-02.jpg\" style=\"object-position:10% 15%\" data-object-fit=\"cover\" data-object-position=\"10% 15%\" srcset=\"https:\/\/sites.lesia.obspm.fr\/federation-nanosats\/files\/2024\/08\/banniere-generique2-02.jpg 1920w, https:\/\/sites.lesia.obspm.fr\/federation-nanosats\/files\/2024\/08\/banniere-generique2-02-300x55.jpg 300w, https:\/\/sites.lesia.obspm.fr\/federation-nanosats\/files\/2024\/08\/banniere-generique2-02-1024x187.jpg 1024w, https:\/\/sites.lesia.obspm.fr\/federation-nanosats\/files\/2024\/08\/banniere-generique2-02-768x140.jpg 768w, https:\/\/sites.lesia.obspm.fr\/federation-nanosats\/files\/2024\/08\/banniere-generique2-02-1536x280.jpg 1536w\" sizes=\"auto, (max-width: 1920px) 100vw, 1920px\" \/><span aria-hidden=\"true\" class=\"wp-block-cover__background has-background-dim-0 has-background-dim\" style=\"background-color:#354c72\"><\/span><div class=\"wp-block-cover__inner-container is-layout-constrained wp-block-cover-is-layout-constrained\">\n<div class=\"wp-block-group\"><div class=\"wp-block-group__inner-container is-layout-constrained wp-block-group-is-layout-constrained\">\n<div class=\"wp-block-columns is-layout-flex wp-container-core-columns-is-layout-9d6595d7 wp-block-columns-is-layout-flex\">\n<div class=\"wp-block-column is-layout-flow wp-block-column-is-layout-flow\" style=\"flex-basis:66.66%\">\n<h1 class=\"wp-block-heading has-nv-light-bg-color has-text-color has-link-color wp-elements-201ef62002f57ca568dfbd0f1176ca39\">Members<\/h1>\n<\/div>\n\n\n\n<div class=\"wp-block-column is-layout-flow wp-block-column-is-layout-flow\" style=\"flex-basis:33.33%\"><\/div>\n<\/div>\n<\/div><\/div>\n<\/div><\/div>\n\n\n\n<div style=\"height:30px\" aria-hidden=\"true\" class=\"wp-block-spacer\"><\/div>\n\n\n\n<h2 class=\"wp-block-heading has-nv-c-1-color has-text-color has-link-color wp-elements-047aafdf8a7ef9d6c122baf4f536fcf7\">Involvement of key members<\/h2>\n\n\n\n<p>Since its creation, the F\u00e9d\u00e9ration Nanosats has had 12 institutional members, including 3 space centres and 9 research units. As individuals, more than 130 members joined the F\u00e9d\u00e9ration Nanosats in its first year, demonstrating a clear interest in and a need for a common body to promote scientific nanosatellites.<\/p>\n\n\n\n<div style=\"height:120px\" aria-hidden=\"true\" class=\"wp-block-spacer\"><\/div>\n\n\n\n<hr class=\"wp-block-separator has-alpha-channel-opacity is-style-dots\" \/>\n\n\n\n<h2 class=\"wp-block-heading has-nv-c-1-color has-text-color has-link-color wp-elements-bbdb715b550b74b02528d0158690a32a\">Space centers<\/h2>\n\n\n\n<div class=\"wp-block-columns is-layout-flex wp-container-core-columns-is-layout-9d6595d7 wp-block-columns-is-layout-flex\">\n<div class=\"wp-block-column is-layout-flow wp-block-column-is-layout-flow\">\n<figure class=\"wp-block-image size-large is-resized\"><img decoding=\"async\" src=\"https:\/\/sites.lesia.obspm.fr\/federation-nanosats\/files\/2024\/08\/Logo_centre-spatial_Census.png\" alt=\"\" style=\"width:94px\" \/><\/figure>\n\n\n\n<div style=\"height:15px\" aria-hidden=\"true\" class=\"wp-block-spacer\"><\/div>\n\n\n\n<p>Based at the Observatoire de Paris-PSL, the Centre pour les nanosatellites en sciences de l\u2019Universe (CENSUS) is the space centre of the Universit\u00e9 Paris Sciences Lettres (PSL) and a centre of expertise of the Observatoire de Paris-PSL. As such, it supports all the nanosatellite projects of the laboratories of all the PSL establishments.<\/p>\n<\/div>\n\n\n\n<div class=\"wp-block-column is-layout-flow wp-block-column-is-layout-flow\">\n<figure class=\"wp-block-image size-large is-resized\"><img decoding=\"async\" src=\"https:\/\/sites.lesia.obspm.fr\/federation-nanosats\/files\/2024\/08\/Logo_centre-spatial_CS-UPEC-1024x683.jpg\" alt=\"\" style=\"width:142px\" \/><\/figure>\n\n\n\n<div style=\"height:15px\" aria-hidden=\"true\" class=\"wp-block-spacer\"><\/div>\n\n\n\n<p>The space campus of university Paris Est Cr\u00e9teil (CS-UPEC) promotes space studies through the design of space instruments and nanosatellites.<\/p>\n<\/div>\n<\/div>\n\n\n\n<div class=\"wp-block-columns is-layout-flex wp-container-core-columns-is-layout-9d6595d7 wp-block-columns-is-layout-flex\">\n<div class=\"wp-block-column is-layout-flow wp-block-column-is-layout-flow\">\n<figure class=\"wp-block-image size-large is-resized\"><img decoding=\"async\" src=\"https:\/\/sites.lesia.obspm.fr\/federation-nanosats\/files\/2024\/08\/Logo_centre-spatial_Curiesat.jpg\" alt=\"\" style=\"width:102px\" \/><\/figure>\n\n\n\n<div style=\"height:15px\" aria-hidden=\"true\" class=\"wp-block-spacer\"><\/div>\n\n\n\n<p>CurieSat is Sorbonne Universit\u00e9\u2019s student space centre, which supports the nanosatellite projects of the university and its laboratories.<\/p>\n<\/div>\n\n\n\n<div class=\"wp-block-column is-layout-flow wp-block-column-is-layout-flow\">\n<div style=\"height:15px\" aria-hidden=\"true\" class=\"wp-block-spacer\"><\/div>\n\n\n\n<p><\/p>\n<\/div>\n<\/div>\n\n\n\n<div style=\"height:120px\" aria-hidden=\"true\" class=\"wp-block-spacer\"><\/div>\n\n\n\n<hr class=\"wp-block-separator has-alpha-channel-opacity is-style-dots\" \/>\n\n\n\n<h2 class=\"wp-block-heading has-nv-c-1-color has-text-color has-link-color wp-elements-cbf90e24e5f4bfbe728254a0a050bb69\">Research units<\/h2>\n\n\n\n<div class=\"wp-block-columns is-layout-flex wp-container-core-columns-is-layout-9d6595d7 wp-block-columns-is-layout-flex\">\n<div class=\"wp-block-column is-layout-flow wp-block-column-is-layout-flow\">\n<figure class=\"wp-block-image size-large is-resized\"><img decoding=\"async\" src=\"https:\/\/sites.lesia.obspm.fr\/federation-nanosats\/files\/2024\/08\/Logo_APC.png\" alt=\"\" style=\"width:auto;height:75px\" \/><\/figure>\n\n\n\n<div style=\"height:15px\" aria-hidden=\"true\" class=\"wp-block-spacer\"><\/div>\n\n\n\n<p>The Laboratoire astroparticules et cosmologie (APC) is a research laboratory focusing on cosmology, gravitation, high-energy astrophysics and particle physics.<\/p>\n\n\n\n<p>Supervisory bodies: CNRS, universit\u00e9 Paris Cit\u00e9, CEA, Observatoire de Paris PSL, CNES<\/p>\n<\/div>\n\n\n\n<div class=\"wp-block-column is-layout-flow wp-block-column-is-layout-flow\">\n<figure class=\"wp-block-image size-large is-resized\"><img decoding=\"async\" src=\"https:\/\/sites.lesia.obspm.fr\/federation-nanosats\/files\/2024\/08\/Logo_IAP.jpeg\" alt=\"\" style=\"width:auto;height:75px\" \/><\/figure>\n\n\n\n<div style=\"height:15px\" aria-hidden=\"true\" class=\"wp-block-spacer\"><\/div>\n\n\n\n<p>The Institut d\u2019astrophysique de Paris (IAP) is an internal school of Sorbonne Universit\u00e9 whose research focuses on the formation of planetary systems and the search for extrasolar planets, stellar physics, the evolution of galaxies, large-scale structures, observational and theoretical cosmology, the physics of the primordial Universe and extreme energy phenomena.<\/p>\n\n\n\n<p>Supervisory bodies: CNRS, Sorbonne Universit\u00e9<\/p>\n<\/div>\n<\/div>\n\n\n\n<div class=\"wp-block-columns is-layout-flex wp-container-core-columns-is-layout-9d6595d7 wp-block-columns-is-layout-flex\">\n<div class=\"wp-block-column is-layout-flow wp-block-column-is-layout-flow\">\n<figure class=\"wp-block-image size-large is-resized\"><img decoding=\"async\" src=\"https:\/\/sites.lesia.obspm.fr\/federation-nanosats\/files\/2024\/08\/Logo_IPGP-1024x270.png\" alt=\"\" style=\"width:auto;height:75px\" \/><\/figure>\n\n\n\n<div style=\"height:15px\" aria-hidden=\"true\" class=\"wp-block-spacer\"><\/div>\n\n\n\n<p>The Institut de physique du globe de Paris (IPGP) is a geosciences research establishment focused on the study of the Earth and planets, from the core to the most superficial fluid envelopes, through observation, experimentation and modelling.&nbsp;<\/p>\n\n\n\n<p>Supervisory bodies: CNRS, IPGP, universit\u00e9 Paris Cit\u00e9<\/p>\n<\/div>\n\n\n\n<div class=\"wp-block-column is-layout-flow wp-block-column-is-layout-flow\">\n<figure class=\"wp-block-image size-large is-resized\"><img decoding=\"async\" src=\"https:\/\/sites.lesia.obspm.fr\/federation-nanosats\/files\/2024\/08\/Logo_LATMOS-1024x1024.png\" alt=\"\" style=\"width:94px\" \/><\/figure>\n\n\n\n<div style=\"height:15px\" aria-hidden=\"true\" class=\"wp-block-spacer\"><\/div>\n\n\n\n<p>The Laboratoire atmosph\u00e8res et observations spatiales (LATMOS) is a research laboratory specialising in the study of the physico-chemical processes governing the Earth\u2019s and planetary atmospheres and their interfaces with the surface, the ocean and the interplanetary environment.<\/p>\n\n\n\n<p>Supervisory bodies: CNRS, universit\u00e9 Versailles Saint-Quentin-en-Yvelines, Sorbonne Universit\u00e9, CNES<\/p>\n<\/div>\n<\/div>\n\n\n\n<div class=\"wp-block-columns is-layout-flex wp-container-core-columns-is-layout-9d6595d7 wp-block-columns-is-layout-flex\">\n<div class=\"wp-block-column is-layout-flow wp-block-column-is-layout-flow\">\n<figure class=\"wp-block-image size-large is-resized\"><img decoding=\"async\" src=\"https:\/\/sites.lesia.obspm.fr\/federation-nanosats\/files\/2025\/01\/LIRA.png\" alt=\"\" style=\"width:auto;height:75px\" \/><\/figure>\n\n\n\n<div style=\"height:15px\" aria-hidden=\"true\" class=\"wp-block-spacer\"><\/div>\n\n\n\n<p>The Laboratoire d&rsquo;instrumentation et de Recherche en Astrophyisique (LIRA) studies astrophysical objects, from the Solar System to our Galaxy and beyond, through its five thematic clusters. Through international collaboration and instrumental innovation, it pushes back the frontiers of science and contributes to the training and dissemination of knowledge.<\/p>\n\n\n\n<p>Supervisory bodies: CNRS, Observatoire de Paris &#8211; Universit\u00e9 Paris Sciences &amp; Lettres, Sorbonne Universit\u00e9, Universit\u00e9 Paris Cit\u00e9, Universit\u00e9 Cergy Paris<\/p>\n<\/div>\n\n\n\n<div class=\"wp-block-column is-layout-flow wp-block-column-is-layout-flow\">\n<figure class=\"wp-block-image size-large is-resized\"><img decoding=\"async\" src=\"https:\/\/sites.lesia.obspm.fr\/federation-nanosats\/files\/2024\/08\/Logo_LISA.jpeg\" alt=\"\" style=\"width:214px\" \/><\/figure>\n\n\n\n<div style=\"height:15px\" aria-hidden=\"true\" class=\"wp-block-spacer\"><\/div>\n\n\n\n<p>The Laboratoire interuniversitaire des syst\u00e8mes atmosph\u00e9riques (LISA) is a research laboratory dedicated to understanding the functioning of the Earth\u2019s and the planet\u2019s atmospheres, and the impacts of changes in atmospheric composition caused by human activities.<\/p>\n\n\n\n<p>Supervisory bodies: universit\u00e9 Paris-Est Cr\u00e9teil, universit\u00e9 Paris Cit\u00e9, CNRS<\/p>\n<\/div>\n<\/div>\n\n\n\n<div class=\"wp-block-columns is-layout-flex wp-container-core-columns-is-layout-9d6595d7 wp-block-columns-is-layout-flex\">\n<div class=\"wp-block-column is-layout-flow wp-block-column-is-layout-flow\">\n<figure class=\"wp-block-image size-large is-resized\"><img decoding=\"async\" src=\"https:\/\/sites.lesia.obspm.fr\/federation-nanosats\/files\/2025\/01\/LTE.png\" alt=\"\" style=\"width:auto;height:75px\" \/><\/figure>\n\n\n\n<div style=\"height:15px\" aria-hidden=\"true\" class=\"wp-block-spacer\"><\/div>\n\n\n\n<p>The Laboratoire Temps Espace (LTE) is dedicated to the study and realisation of space-time reference systems and their applications to fundamental physics testing. In particular, it aims to improve knowledge of the solar system and its exploration, and carries out research directly necessary to its public service mission. It is also involved in the history of science as it relates to astronomy.<\/p>\n\n\n\n<p>Supervisory bodies: Observatoire de Paris &#8211; universit\u00e9 Paris Sciences &amp; Lettres, CNRS, Laboratoire national de m\u00e9trologie et d&rsquo;essai, Sorbonne Universit\u00e9, universit\u00e9 de Lille<\/p>\n<\/div>\n\n\n\n<div class=\"wp-block-column is-layout-flow wp-block-column-is-layout-flow\">\n<figure class=\"wp-block-image size-large is-resized\"><img decoding=\"async\" src=\"https:\/\/sites.lesia.obspm.fr\/federation-nanosats\/files\/2024\/08\/Logo_LP-ENS.png\" alt=\"\" style=\"width:132px\" \/><\/figure>\n\n\n\n<div style=\"height:15px\" aria-hidden=\"true\" class=\"wp-block-spacer\"><\/div>\n\n\n\n<p>The Laboratoire de physique de l\u2019\u00c9cole normale sup\u00e9rieure (LP-ENS) is an interdisciplinary fundamental research laboratory specialising in physics and its interfaces. Its scientific activities cover astrophysics, cosmology and gravitation, biophysics, fluids and interfaces, fundamental interactions, quantum materials and devices, and statistical physics.<\/p>\n\n\n\n<p>Supervisory bodies: ENS, CNRS, Sorbonne Universit\u00e9, universit\u00e9 Paris Cit\u00e9<\/p>\n<\/div>\n<\/div>\n\n\n\n<div class=\"wp-block-columns is-layout-flex wp-container-core-columns-is-layout-9d6595d7 wp-block-columns-is-layout-flex\">\n<div class=\"wp-block-column is-layout-flow wp-block-column-is-layout-flow\">\n<figure class=\"wp-block-image size-large is-resized\"><img decoding=\"async\" src=\"https:\/\/sites.lesia.obspm.fr\/federation-nanosats\/files\/2025\/01\/logo-obs-1024x133.png\" alt=\"\" style=\"width:354px\" \/><\/figure>\n\n\n\n<div style=\"height:15px\" aria-hidden=\"true\" class=\"wp-block-spacer\"><\/div>\n\n\n\n<p>The Observatoire de Paris is a Grand \u00e9tablissement with a mission to conduct research, provide training and disseminate knowledge. Structured into 3 scientific departments, 3 science services, 2 centres of scientific expertise and shared services, the Observatory conducts research covering all fields of contemporary astronomy and astrophysics.<\/p>\n\n\n\n<p>This is the support unit for the Nanosats Federation.<\/p>\n<\/div>\n\n\n\n<div class=\"wp-block-column is-layout-flow wp-block-column-is-layout-flow\"><\/div>\n<\/div>\n\n\n\n<div style=\"height:120px\" aria-hidden=\"true\" class=\"wp-block-spacer\"><\/div>\n","protected":false},"excerpt":{"rendered":"<p>Involvement of key members Since its creation, the F\u00e9d\u00e9ration Nanosats has had 12 institutional members, including 3 space centres and 9 research units. As individuals, more than 130 members joined&hellip;&nbsp;<a href=\"https:\/\/sites.lesia.obspm.fr\/federation-nanosats\/en\/members\/\" rel=\"bookmark\">Lire la suite &raquo;<span class=\"screen-reader-text\">Members<\/span><\/a><\/p>\n","protected":false},"author":97,"featured_media":0,"parent":0,"menu_order":0,"comment_status":"closed","ping_status":"closed","template":"","meta":{"neve_meta_sidebar":"","neve_meta_container":"","neve_meta_enable_content_width":"on","neve_meta_content_width":100,"neve_meta_title_alignment":"","neve_meta_author_avatar":"","neve_post_elements_order":"","neve_meta_disable_header":"","neve_meta_disable_footer":"","neve_meta_disable_title":"on","footnotes":""},"class_list":["post-647","page","type-page","status-publish","hentry"],"_links":{"self":[{"href":"https:\/\/sites.lesia.obspm.fr\/federation-nanosats\/wp-json\/wp\/v2\/pages\/647","targetHints":{"allow":["GET"]}}],"collection":[{"href":"https:\/\/sites.lesia.obspm.fr\/federation-nanosats\/wp-json\/wp\/v2\/pages"}],"about":[{"href":"https:\/\/sites.lesia.obspm.fr\/federation-nanosats\/wp-json\/wp\/v2\/types\/page"}],"author":[{"embeddable":true,"href":"https:\/\/sites.lesia.obspm.fr\/federation-nanosats\/wp-json\/wp\/v2\/users\/97"}],"replies":[{"embeddable":true,"href":"https:\/\/sites.lesia.obspm.fr\/federation-nanosats\/wp-json\/wp\/v2\/comments?post=647"}],"version-history":[{"count":25,"href":"https:\/\/sites.lesia.obspm.fr\/federation-nanosats\/wp-json\/wp\/v2\/pages\/647\/revisions"}],"predecessor-version":[{"id":1253,"href":"https:\/\/sites.lesia.obspm.fr\/federation-nanosats\/wp-json\/wp\/v2\/pages\/647\/revisions\/1253"}],"wp:attachment":[{"href":"https:\/\/sites.lesia.obspm.fr\/federation-nanosats\/wp-json\/wp\/v2\/media?parent=647"}],"curies":[{"name":"wp","href":"https:\/\/api.w.org\/{rel}","templated":true}]}}