{"id":478,"date":"2024-08-05T16:40:15","date_gmt":"2024-08-05T14:40:15","guid":{"rendered":"https:\/\/sites.lesia.obspm.fr\/federation-nanosats\/?page_id=478"},"modified":"2025-04-15T10:57:42","modified_gmt":"2025-04-15T08:57:42","slug":"ses-projets","status":"publish","type":"page","link":"https:\/\/sites.lesia.obspm.fr\/federation-nanosats\/ses-projets\/","title":{"rendered":"Ses projets"},"content":{"rendered":"\n<div class=\"wp-block-cover alignfull\"><span aria-hidden=\"true\" class=\"wp-block-cover__background has-background-dim-0 has-background-dim\" style=\"background-color:#354c72\"><\/span><img loading=\"lazy\" decoding=\"async\" width=\"1920\" height=\"350\" class=\"wp-block-cover__image-background wp-image-340\" alt=\"\" src=\"https:\/\/sites.lesia.obspm.fr\/federation-nanosats\/files\/2024\/08\/banniere-generique2-02.jpg\" style=\"object-position:0% 0%\" data-object-fit=\"cover\" data-object-position=\"0% 0%\" srcset=\"https:\/\/sites.lesia.obspm.fr\/federation-nanosats\/files\/2024\/08\/banniere-generique2-02.jpg 1920w, https:\/\/sites.lesia.obspm.fr\/federation-nanosats\/files\/2024\/08\/banniere-generique2-02-300x55.jpg 300w, https:\/\/sites.lesia.obspm.fr\/federation-nanosats\/files\/2024\/08\/banniere-generique2-02-1024x187.jpg 1024w, https:\/\/sites.lesia.obspm.fr\/federation-nanosats\/files\/2024\/08\/banniere-generique2-02-768x140.jpg 768w, https:\/\/sites.lesia.obspm.fr\/federation-nanosats\/files\/2024\/08\/banniere-generique2-02-1536x280.jpg 1536w\" sizes=\"auto, (max-width: 1920px) 100vw, 1920px\" \/><div class=\"wp-block-cover__inner-container is-layout-constrained wp-block-cover-is-layout-constrained\">\n<div class=\"wp-block-group\"><div class=\"wp-block-group__inner-container is-layout-constrained wp-block-group-is-layout-constrained\">\n<div class=\"wp-block-columns is-layout-flex wp-container-core-columns-is-layout-9d6595d7 wp-block-columns-is-layout-flex\">\n<div class=\"wp-block-column is-layout-flow wp-block-column-is-layout-flow\" style=\"flex-basis:66.66%\">\n<h1 class=\"wp-block-heading has-neve-link-hover-color-color has-text-color has-link-color wp-elements-7feb78922fe109c96e7257e16897fc51\">Ses projets<\/h1>\n<\/div>\n\n\n\n<div class=\"wp-block-column is-layout-flow wp-block-column-is-layout-flow\" style=\"flex-basis:33.33%\"><\/div>\n<\/div>\n<\/div><\/div>\n<\/div><\/div>\n\n\n\n<div style=\"height:30px\" aria-hidden=\"true\" class=\"wp-block-spacer\"><\/div>\n\n\n\n<h2 class=\"wp-block-heading has-nv-c-1-color has-text-color has-link-color wp-elements-f7563859120f73d7d087590029152ef6\">En un mot<\/h2>\n\n\n\n<p>D\u2019ambitieux projets scientifiques sont port\u00e9s par les membres de la F\u00e9d\u00e9ration Nanosats. La vari\u00e9t\u00e9 des satellites, des th\u00e9matiques et des objectifs scientifiques trait\u00e9s t\u00e9moignent des capacit\u00e9s extraordinaires de ce nouveau vecteur d\u2019exploration spatiale que sont les nanosatellites et de l\u2019int\u00e9r\u00eat que diff\u00e9rentes communaut\u00e9s peuvent leur porter. De l\u2019\u00e9tude de l\u2019atmosph\u00e8re terrestre jusqu\u2019\u00e0 la calibration du fond cosmologique, les nanosatellites trouvent leur place dans l\u2019ensemble des disciplines des sciences de la Terre et de l\u2019Univers. Les caract\u00e9ristiques des nanosatellites repr\u00e9sentent \u00e9galement des opportunit\u00e9s de d\u00e9velopper et tester des technologies innovantes pouvant potentiellement \u00eatre utilis\u00e9s sur des satellites de plus grande envergure, ce qui est un s\u00e9rieux avantage.<\/p>\n\n\n\n<div style=\"height:30px\" aria-hidden=\"true\" class=\"wp-block-spacer\"><\/div>\n\n\n\n<div class=\"wp-block-columns is-layout-flex wp-container-core-columns-is-layout-9d6595d7 wp-block-columns-is-layout-flex\">\n<div class=\"wp-block-column is-layout-flow wp-block-column-is-layout-flow\">\n<figure class=\"wp-block-image size-full is-resized\"><a href=\"https:\/\/sites.lesia.obspm.fr\/federation-nanosats\/birdy-2\/\"><img loading=\"lazy\" decoding=\"async\" width=\"250\" height=\"250\" src=\"https:\/\/sites.lesia.obspm.fr\/federation-nanosats\/files\/2024\/08\/minia-birdy.jpg\" alt=\"\" class=\"wp-image-320\" style=\"aspect-ratio:1;width:200px\" srcset=\"https:\/\/sites.lesia.obspm.fr\/federation-nanosats\/files\/2024\/08\/minia-birdy.jpg 250w, https:\/\/sites.lesia.obspm.fr\/federation-nanosats\/files\/2024\/08\/minia-birdy-150x150.jpg 150w, https:\/\/sites.lesia.obspm.fr\/federation-nanosats\/files\/2024\/08\/minia-birdy-45x45.jpg 45w\" sizes=\"auto, (max-width: 250px) 100vw, 250px\" \/><\/a><\/figure>\n\n\n\n<div style=\"height:15px\" aria-hidden=\"true\" class=\"wp-block-spacer\"><\/div>\n\n\n\n<h3 class=\"wp-block-heading\"><a href=\"https:\/\/sites.lesia.obspm.fr\/federation-nanosats\/birdy-2\/\">BIRDY<\/a><\/h3>\n\n\n\n<p>Birdy est un concept de satellite interplan\u00e9taire visant \u00e0 explorer la structure interne des petits corps du syst\u00e8me solaire (com\u00e8tes, ast\u00e9ro\u00efdes,&#8230;) par l\u2019utilisation des liens inter-satellites.<\/p>\n\n\n\n<p>#PetitsCorps, #DebrisSpatiaux<\/p>\n<\/div>\n\n\n\n<div class=\"wp-block-column is-layout-flow wp-block-column-is-layout-flow\">\n<figure class=\"wp-block-image size-full is-resized\"><a href=\"https:\/\/sites.lesia.obspm.fr\/federation-nanosats\/casstor\/\"><img loading=\"lazy\" decoding=\"async\" width=\"250\" height=\"250\" src=\"https:\/\/sites.lesia.obspm.fr\/federation-nanosats\/files\/2024\/08\/minia-casstor.jpg\" alt=\"\" class=\"wp-image-321\" style=\"width:200px\" srcset=\"https:\/\/sites.lesia.obspm.fr\/federation-nanosats\/files\/2024\/08\/minia-casstor.jpg 250w, https:\/\/sites.lesia.obspm.fr\/federation-nanosats\/files\/2024\/08\/minia-casstor-150x150.jpg 150w, https:\/\/sites.lesia.obspm.fr\/federation-nanosats\/files\/2024\/08\/minia-casstor-45x45.jpg 45w\" sizes=\"auto, (max-width: 250px) 100vw, 250px\" \/><\/a><\/figure>\n\n\n\n<div style=\"height:15px\" aria-hidden=\"true\" class=\"wp-block-spacer\"><\/div>\n\n\n\n<h3 class=\"wp-block-heading\"><a href=\"https:\/\/sites.lesia.obspm.fr\/federation-nanosats\/casstor\/\">CASSTOR<\/a><\/h3>\n\n\n\n<p>D\u00e9monstrateur technologique et scientifique pour la spectropolarim\u00e9trie UV, Casstor vise \u00e0 ouvrir la voie \u00e0 un tout nouveau champ d\u2019observation pour les futures missions spatiales.<br><br>#Etoiles<\/p>\n<\/div>\n\n\n\n<div class=\"wp-block-column is-layout-flow wp-block-column-is-layout-flow\">\n<figure class=\"wp-block-image size-full is-resized\"><a href=\"https:\/\/sites.lesia.obspm.fr\/federation-nanosats\/exolight-2\/\"><img loading=\"lazy\" decoding=\"async\" width=\"250\" height=\"250\" src=\"https:\/\/sites.lesia.obspm.fr\/federation-nanosats\/files\/2024\/08\/minia-exolight.jpg\" alt=\"\" class=\"wp-image-324\" style=\"width:200px\" srcset=\"https:\/\/sites.lesia.obspm.fr\/federation-nanosats\/files\/2024\/08\/minia-exolight.jpg 250w, https:\/\/sites.lesia.obspm.fr\/federation-nanosats\/files\/2024\/08\/minia-exolight-150x150.jpg 150w, https:\/\/sites.lesia.obspm.fr\/federation-nanosats\/files\/2024\/08\/minia-exolight-45x45.jpg 45w\" sizes=\"auto, (max-width: 250px) 100vw, 250px\" \/><\/a><\/figure>\n\n\n\n<div style=\"height:15px\" aria-hidden=\"true\" class=\"wp-block-spacer\"><\/div>\n\n\n\n<h3 class=\"wp-block-heading\"><a href=\"https:\/\/sites.lesia.obspm.fr\/federation-nanosats\/exolight-2\/\">EXOLIGHT<\/a><\/h3>\n\n\n\n<p>Exolight est un d\u00e9monstrateur technologique pour de futurs projets d\u2019interf\u00e9rom\u00e8tres de plus grande ampleur destin\u00e9s \u00e0 \u00e9tudier la lumi\u00e8re de la poussi\u00e8re autour d\u2019\u00e9toiles.<\/p>\n\n\n\n<p>#PoussieresInterstellaires<\/p>\n<\/div>\n<\/div>\n\n\n\n<div class=\"wp-block-columns is-layout-flex wp-container-core-columns-is-layout-9d6595d7 wp-block-columns-is-layout-flex\">\n<div class=\"wp-block-column is-layout-flow wp-block-column-is-layout-flow\">\n<figure class=\"wp-block-image size-full is-resized\"><a href=\"https:\/\/sites.lesia.obspm.fr\/federation-nanosats\/igosat-2\/\"><img loading=\"lazy\" decoding=\"async\" width=\"250\" height=\"250\" src=\"https:\/\/sites.lesia.obspm.fr\/federation-nanosats\/files\/2024\/08\/minia-igosat.jpg\" alt=\"\" class=\"wp-image-325\" style=\"width:200px\" srcset=\"https:\/\/sites.lesia.obspm.fr\/federation-nanosats\/files\/2024\/08\/minia-igosat.jpg 250w, https:\/\/sites.lesia.obspm.fr\/federation-nanosats\/files\/2024\/08\/minia-igosat-150x150.jpg 150w, https:\/\/sites.lesia.obspm.fr\/federation-nanosats\/files\/2024\/08\/minia-igosat-45x45.jpg 45w\" sizes=\"auto, (max-width: 250px) 100vw, 250px\" \/><\/a><\/figure>\n\n\n\n<div style=\"height:15px\" aria-hidden=\"true\" class=\"wp-block-spacer\"><\/div>\n\n\n\n<h3 class=\"wp-block-heading\"><a href=\"https:\/\/sites.lesia.obspm.fr\/federation-nanosats\/igosat-2\/\">IGOSAT<\/a><\/h3>\n\n\n\n<p>Igosat vise \u00e0 \u00e9tudier l\u2019environnement rayonnement gamma et le contenu en \u00e9lectrons de hautes \u00e9nergies au niveau de l\u2019anomalie SAA et des cornets polaires.<\/p>\n\n\n\n<p>#Ionosphere<\/p>\n<\/div>\n\n\n\n<div class=\"wp-block-column is-layout-flow wp-block-column-is-layout-flow\">\n<figure class=\"wp-block-image size-full is-resized\"><a href=\"https:\/\/sites.lesia.obspm.fr\/federation-nanosats\/meteorix-2\/\"><img loading=\"lazy\" decoding=\"async\" width=\"250\" height=\"250\" src=\"https:\/\/sites.lesia.obspm.fr\/federation-nanosats\/files\/2024\/08\/minia-meteorix.jpg\" alt=\"\" class=\"wp-image-328\" style=\"width:200px\" srcset=\"https:\/\/sites.lesia.obspm.fr\/federation-nanosats\/files\/2024\/08\/minia-meteorix.jpg 250w, https:\/\/sites.lesia.obspm.fr\/federation-nanosats\/files\/2024\/08\/minia-meteorix-150x150.jpg 150w, https:\/\/sites.lesia.obspm.fr\/federation-nanosats\/files\/2024\/08\/minia-meteorix-45x45.jpg 45w\" sizes=\"auto, (max-width: 250px) 100vw, 250px\" \/><\/a><\/figure>\n\n\n\n<div style=\"height:15px\" aria-hidden=\"true\" class=\"wp-block-spacer\"><\/div>\n\n\n\n<h3 class=\"wp-block-heading\"><a href=\"https:\/\/sites.lesia.obspm.fr\/federation-nanosats\/meteorix-2\/\">METEORIX<\/a><\/h3>\n\n\n\n<p>Meteorix est un nanosatellite d\u00e9di\u00e9 \u00e0 la d\u00e9tection et \u00e0 la caract\u00e9risation des m\u00e9t\u00e9ores et d\u00e9bris spatiaux, en mesurant notamment leurs flux d&rsquo;entr\u00e9e dans l&rsquo;atmosph\u00e8re terrestre.<\/p>\n\n\n\n<p>#Meteoroides #DebrisSpatiaux<\/p>\n<\/div>\n\n\n\n<div class=\"wp-block-column is-layout-flow wp-block-column-is-layout-flow\">\n<figure class=\"wp-block-image size-full is-resized\"><a href=\"https:\/\/sites.lesia.obspm.fr\/federation-nanosats\/noire-2\/\"><img loading=\"lazy\" decoding=\"async\" width=\"250\" height=\"250\" src=\"https:\/\/sites.lesia.obspm.fr\/federation-nanosats\/files\/2024\/08\/minia-noire.jpg\" alt=\"\" class=\"wp-image-330\" style=\"width:200px\" srcset=\"https:\/\/sites.lesia.obspm.fr\/federation-nanosats\/files\/2024\/08\/minia-noire.jpg 250w, https:\/\/sites.lesia.obspm.fr\/federation-nanosats\/files\/2024\/08\/minia-noire-150x150.jpg 150w, https:\/\/sites.lesia.obspm.fr\/federation-nanosats\/files\/2024\/08\/minia-noire-45x45.jpg 45w\" sizes=\"auto, (max-width: 250px) 100vw, 250px\" \/><\/a><\/figure>\n\n\n\n<div style=\"height:15px\" aria-hidden=\"true\" class=\"wp-block-spacer\"><\/div>\n\n\n\n<h3 class=\"wp-block-heading\"><a href=\"https:\/\/sites.lesia.obspm.fr\/federation-nanosats\/noire-2\/\">NOIRE<\/a><\/h3>\n\n\n\n<p>Noire est un concept technologique d\u2019observatoire radio-interf\u00e9rom\u00e9trique comprenant un essaim d&rsquo;environ 50 nanosatellites en orbite autour de la Lune.<\/p>\n\n\n\n<p>#Interferometrie<\/p>\n<\/div>\n<\/div>\n\n\n\n<div class=\"wp-block-columns is-layout-flex wp-container-core-columns-is-layout-9d6595d7 wp-block-columns-is-layout-flex\">\n<div class=\"wp-block-column is-layout-flow wp-block-column-is-layout-flow\">\n<figure class=\"wp-block-image size-full is-resized\"><img loading=\"lazy\" decoding=\"async\" width=\"250\" height=\"250\" src=\"https:\/\/sites.lesia.obspm.fr\/federation-nanosats\/files\/2024\/08\/minia-ogmssa.jpg\" alt=\"\" class=\"wp-image-331\" style=\"width:200px\" srcset=\"https:\/\/sites.lesia.obspm.fr\/federation-nanosats\/files\/2024\/08\/minia-ogmssa.jpg 250w, https:\/\/sites.lesia.obspm.fr\/federation-nanosats\/files\/2024\/08\/minia-ogmssa-150x150.jpg 150w, https:\/\/sites.lesia.obspm.fr\/federation-nanosats\/files\/2024\/08\/minia-ogmssa-45x45.jpg 45w\" sizes=\"auto, (max-width: 250px) 100vw, 250px\" \/><\/figure>\n\n\n\n<div style=\"height:15px\" aria-hidden=\"true\" class=\"wp-block-spacer\"><\/div>\n\n\n\n<h3 class=\"wp-block-heading\">OGSM-SA<\/h3>\n\n\n\n<p>OGSM-SA est un d\u00e9monstrateur technologique de la structure en impression additive ainsi que du comportement de la plateforme au lancement et durant un s\u00e9jour spatial.<\/p>\n\n\n\n<p>#DemonstrateurTechnologique<\/p>\n<\/div>\n\n\n\n<div class=\"wp-block-column is-layout-flow wp-block-column-is-layout-flow\">\n<figure class=\"wp-block-image size-full is-resized\"><a href=\"https:\/\/sites.lesia.obspm.fr\/federation-nanosats\/teracube-2\/\"><img loading=\"lazy\" decoding=\"async\" width=\"250\" height=\"250\" src=\"https:\/\/sites.lesia.obspm.fr\/federation-nanosats\/files\/2024\/08\/minia-teracube.jpg\" alt=\"\" class=\"wp-image-333\" style=\"width:200px\" srcset=\"https:\/\/sites.lesia.obspm.fr\/federation-nanosats\/files\/2024\/08\/minia-teracube.jpg 250w, https:\/\/sites.lesia.obspm.fr\/federation-nanosats\/files\/2024\/08\/minia-teracube-150x150.jpg 150w, https:\/\/sites.lesia.obspm.fr\/federation-nanosats\/files\/2024\/08\/minia-teracube-45x45.jpg 45w\" sizes=\"auto, (max-width: 250px) 100vw, 250px\" \/><\/a><\/figure>\n\n\n\n<div style=\"height:15px\" aria-hidden=\"true\" class=\"wp-block-spacer\"><\/div>\n\n\n\n<h3 class=\"wp-block-heading\"><a href=\"https:\/\/sites.lesia.obspm.fr\/federation-nanosats\/teracube-2\/\">TERACUBE<\/a><\/h3>\n\n\n\n<p>Teracube est un concept de nanosatellite visant \u00e0 \u00e9tudier les atmosph\u00e8res plan\u00e9taires via l&rsquo;utilisation d&rsquo;une nouvelle g\u00e9n\u00e9ration de r\u00e9cepteurs ultra-compacts.<\/p>\n\n\n\n<p>#AtmospherePlanetaire<\/p>\n<\/div>\n\n\n\n<div class=\"wp-block-column is-layout-flow wp-block-column-is-layout-flow\"><\/div>\n<\/div>\n\n\n\n<div style=\"height:120px\" aria-hidden=\"true\" class=\"wp-block-spacer\"><\/div>\n\n\n\n<hr class=\"wp-block-separator has-alpha-channel-opacity is-style-dots\" \/>\n\n\n\n<h2 class=\"wp-block-heading has-nv-c-1-color has-text-color has-link-color wp-elements-d58d0e4e18ef450451e3c893a8164b38\">D&rsquo;autres projets men\u00e9s par des membres<\/h2>\n\n\n\n<div class=\"wp-block-columns is-layout-flex wp-container-core-columns-is-layout-9d6595d7 wp-block-columns-is-layout-flex\">\n<div class=\"wp-block-column is-layout-flow wp-block-column-is-layout-flow\">\n<figure class=\"wp-block-image size-full is-resized wp-duotone-midnight\"><a href=\"https:\/\/sites.lesia.obspm.fr\/federation-nanosats\/inspire-sat\/\"><img loading=\"lazy\" decoding=\"async\" width=\"250\" height=\"250\" src=\"https:\/\/sites.lesia.obspm.fr\/federation-nanosats\/files\/2024\/08\/minia-inspiresat.jpg\" alt=\"\" class=\"wp-image-326\" style=\"width:200px\" srcset=\"https:\/\/sites.lesia.obspm.fr\/federation-nanosats\/files\/2024\/08\/minia-inspiresat.jpg 250w, https:\/\/sites.lesia.obspm.fr\/federation-nanosats\/files\/2024\/08\/minia-inspiresat-150x150.jpg 150w, https:\/\/sites.lesia.obspm.fr\/federation-nanosats\/files\/2024\/08\/minia-inspiresat-45x45.jpg 45w\" sizes=\"auto, (max-width: 250px) 100vw, 250px\" \/><\/a><\/figure>\n\n\n\n<div style=\"height:15px\" aria-hidden=\"true\" class=\"wp-block-spacer\"><\/div>\n\n\n\n<h3 class=\"wp-block-heading\"><a href=\"https:\/\/sites.lesia.obspm.fr\/federation-nanosats\/inspire-sat\/\">INSPIRE-SAT<\/a><\/h3>\n\n\n\n<p>Inspire-Sat est un nanosatellite compl\u00e9mentaire d\u2019UVSQ-Sat d\u00e9di\u00e9 \u00e0 l\u2019\u00e9tude du bilan radiatif de la Terre et destin\u00e9 \u00e0 valider l\u2019approche constellation.<\/p>\n\n\n\n<p>#Climat<\/p>\n<\/div>\n\n\n\n<div class=\"wp-block-column is-layout-flow wp-block-column-is-layout-flow\">\n<figure class=\"wp-block-image size-full is-resized wp-duotone-midnight\"><a href=\"https:\/\/sites.lesia.obspm.fr\/federation-nanosats\/picsat\/\"><img loading=\"lazy\" decoding=\"async\" width=\"250\" height=\"250\" src=\"https:\/\/sites.lesia.obspm.fr\/federation-nanosats\/files\/2024\/08\/minia-picsat.jpg\" alt=\"\" class=\"wp-image-332\" style=\"width:200px\" srcset=\"https:\/\/sites.lesia.obspm.fr\/federation-nanosats\/files\/2024\/08\/minia-picsat.jpg 250w, https:\/\/sites.lesia.obspm.fr\/federation-nanosats\/files\/2024\/08\/minia-picsat-150x150.jpg 150w, https:\/\/sites.lesia.obspm.fr\/federation-nanosats\/files\/2024\/08\/minia-picsat-45x45.jpg 45w\" sizes=\"auto, (max-width: 250px) 100vw, 250px\" \/><\/a><\/figure>\n\n\n\n<div style=\"height:15px\" aria-hidden=\"true\" class=\"wp-block-spacer\"><\/div>\n\n\n\n<h3 class=\"wp-block-heading\"><a href=\"https:\/\/sites.lesia.obspm.fr\/federation-nanosats\/picsat\/\">PICSAT<\/a><\/h3>\n\n\n\n<p>Picsat est un nanosatellite d\u00e9di\u00e9 \u00e0 l\u2019observation du passage de la jeune exoplan\u00e8te Beta Picotais b devant son \u00e9toile Beta Pictoris.<\/p>\n\n\n\n<p>#exoplanete<\/p>\n<\/div>\n\n\n\n<div class=\"wp-block-column is-layout-flow wp-block-column-is-layout-flow\">\n<figure class=\"wp-block-image size-full is-resized wp-duotone-midnight\"><a href=\"https:\/\/sites.lesia.obspm.fr\/federation-nanosats\/uvsq-sat\/\"><img loading=\"lazy\" decoding=\"async\" width=\"720\" height=\"720\" src=\"https:\/\/sites.lesia.obspm.fr\/federation-nanosats\/files\/2024\/09\/earth-2113656_960_720.jpg\" alt=\"\" class=\"wp-image-712\" style=\"width:200px\" srcset=\"https:\/\/sites.lesia.obspm.fr\/federation-nanosats\/files\/2024\/09\/earth-2113656_960_720.jpg 720w, https:\/\/sites.lesia.obspm.fr\/federation-nanosats\/files\/2024\/09\/earth-2113656_960_720-300x300.jpg 300w, https:\/\/sites.lesia.obspm.fr\/federation-nanosats\/files\/2024\/09\/earth-2113656_960_720-150x150.jpg 150w, https:\/\/sites.lesia.obspm.fr\/federation-nanosats\/files\/2024\/09\/earth-2113656_960_720-45x45.jpg 45w\" sizes=\"auto, (max-width: 720px) 100vw, 720px\" \/><\/a><\/figure>\n\n\n\n<div style=\"height:15px\" aria-hidden=\"true\" class=\"wp-block-spacer\"><\/div>\n\n\n\n<h3 class=\"wp-block-heading\"><a href=\"https:\/\/sites.lesia.obspm.fr\/federation-nanosats\/uvsq-sat\/\">UVSQ-SAT<\/a><\/h3>\n\n\n\n<p>UVQS-Sat est un projet d\u00e9di\u00e9 \u00e0 l&rsquo;\u00e9tude du climat et des interactions soleil-Terre, afin d&rsquo;en \u00e9tablir un budget de radiation de la Terre et de l&rsquo;irradiance spectrale solaire.<\/p>\n\n\n\n<p>#Climat<\/p>\n<\/div>\n<\/div>\n\n\n\n<div class=\"wp-block-columns is-layout-flex wp-container-core-columns-is-layout-9d6595d7 wp-block-columns-is-layout-flex\">\n<div class=\"wp-block-column is-layout-flow wp-block-column-is-layout-flow\">\n<figure class=\"wp-block-image size-full is-resized wp-duotone-midnight\"><img loading=\"lazy\" decoding=\"async\" width=\"250\" height=\"250\" src=\"https:\/\/sites.lesia.obspm.fr\/federation-nanosats\/files\/2024\/08\/minia-cosmocal.jpg\" alt=\"\" class=\"wp-image-323\" style=\"width:200px\" srcset=\"https:\/\/sites.lesia.obspm.fr\/federation-nanosats\/files\/2024\/08\/minia-cosmocal.jpg 250w, https:\/\/sites.lesia.obspm.fr\/federation-nanosats\/files\/2024\/08\/minia-cosmocal-150x150.jpg 150w, https:\/\/sites.lesia.obspm.fr\/federation-nanosats\/files\/2024\/08\/minia-cosmocal-45x45.jpg 45w\" sizes=\"auto, (max-width: 250px) 100vw, 250px\" \/><\/figure>\n\n\n\n<div style=\"height:15px\" aria-hidden=\"true\" class=\"wp-block-spacer\"><\/div>\n\n\n\n<h3 class=\"wp-block-heading\">COSMOCAL<\/h3>\n\n\n\n<p>Cosmocal est un projet visant \u00e0 r\u00e9aliser un relev\u00e9 des objets dans les longueurs d&rsquo;onde millim\u00e9trique pour \u00e9talonner des exp\u00e9riences sur le CMB.<\/p>\n\n\n\n<p>#Cosmologie<\/p>\n<\/div>\n\n\n\n<div class=\"wp-block-column is-layout-flow wp-block-column-is-layout-flow\">\n<figure class=\"wp-block-image size-full is-resized wp-duotone-midnight\"><a href=\"https:\/\/sites.lesia.obspm.fr\/federation-nanosats\/nanomagsat-2\/\"><img loading=\"lazy\" decoding=\"async\" width=\"250\" height=\"250\" src=\"https:\/\/sites.lesia.obspm.fr\/federation-nanosats\/files\/2024\/08\/minia-nanomagsat.jpg\" alt=\"\" class=\"wp-image-329\" style=\"width:200px\" srcset=\"https:\/\/sites.lesia.obspm.fr\/federation-nanosats\/files\/2024\/08\/minia-nanomagsat.jpg 250w, https:\/\/sites.lesia.obspm.fr\/federation-nanosats\/files\/2024\/08\/minia-nanomagsat-150x150.jpg 150w, https:\/\/sites.lesia.obspm.fr\/federation-nanosats\/files\/2024\/08\/minia-nanomagsat-45x45.jpg 45w\" sizes=\"auto, (max-width: 250px) 100vw, 250px\" \/><\/a><\/figure>\n\n\n\n<div style=\"height:15px\" aria-hidden=\"true\" class=\"wp-block-spacer\"><\/div>\n\n\n\n<h3 class=\"wp-block-heading\"><a href=\"https:\/\/sites.lesia.obspm.fr\/federation-nanosats\/nanomagsat-2\/\">NANOMAGSAT<\/a><\/h3>\n\n\n\n<p>Nanomagsat est un projet de constellation de 3 nanosatellites 16U en orbite basse pour l\u2019observation du champ magn\u00e9tique terrestre et de l\u2019environnement ionosph\u00e9rique.<\/p>\n\n\n\n<p>#Magnetisme<\/p>\n<\/div>\n\n\n\n<div class=\"wp-block-column is-layout-flow wp-block-column-is-layout-flow\">\n<figure class=\"wp-block-image size-full is-resized wp-duotone-midnight\"><a href=\"https:\/\/sites.lesia.obspm.fr\/federation-nanosats\/ir-coaster\/\"><img loading=\"lazy\" decoding=\"async\" width=\"250\" height=\"250\" src=\"https:\/\/sites.lesia.obspm.fr\/federation-nanosats\/files\/2024\/08\/minia-IR-coaster.jpg\" alt=\"\" class=\"wp-image-327\" style=\"width:200px\" srcset=\"https:\/\/sites.lesia.obspm.fr\/federation-nanosats\/files\/2024\/08\/minia-IR-coaster.jpg 250w, https:\/\/sites.lesia.obspm.fr\/federation-nanosats\/files\/2024\/08\/minia-IR-coaster-150x150.jpg 150w, https:\/\/sites.lesia.obspm.fr\/federation-nanosats\/files\/2024\/08\/minia-IR-coaster-45x45.jpg 45w\" sizes=\"auto, (max-width: 250px) 100vw, 250px\" \/><\/a><\/figure>\n\n\n\n<div style=\"height:15px\" aria-hidden=\"true\" class=\"wp-block-spacer\"><\/div>\n\n\n\n<h3 class=\"wp-block-heading\"><a href=\"https:\/\/sites.lesia.obspm.fr\/federation-nanosats\/ir-coaster\/\">IR-COASTER<\/a><\/h3>\n\n\n\n<p>IR-Coaster &nbsp;est un projet d\u2019\u00e9tude de l\u2019interaction de l\u2019environnement spatial avec la mati\u00e8re organique en analysant notamment les effets du rayonnement solaire sur cette derni\u00e8re.<\/p>\n\n\n\n<p>#RayonnementSolaire, #MatiereOrganisque<\/p>\n<\/div>\n<\/div>\n\n\n\n<div style=\"height:120px\" aria-hidden=\"true\" class=\"wp-block-spacer\"><\/div>\n","protected":false},"excerpt":{"rendered":"<p>En un mot D\u2019ambitieux projets scientifiques sont port\u00e9s par les membres de la F\u00e9d\u00e9ration Nanosats. La vari\u00e9t\u00e9 des satellites, des th\u00e9matiques et des objectifs scientifiques trait\u00e9s t\u00e9moignent des capacit\u00e9s extraordinaires&hellip;&nbsp;<a href=\"https:\/\/sites.lesia.obspm.fr\/federation-nanosats\/ses-projets\/\" rel=\"bookmark\">Lire la suite &raquo;<span class=\"screen-reader-text\">Ses projets<\/span><\/a><\/p>\n","protected":false},"author":97,"featured_media":0,"parent":0,"menu_order":0,"comment_status":"closed","ping_status":"closed","template":"","meta":{"neve_meta_sidebar":"","neve_meta_container":"","neve_meta_enable_content_width":"on","neve_meta_content_width":100,"neve_meta_title_alignment":"","neve_meta_author_avatar":"","neve_post_elements_order":"","neve_meta_disable_header":"","neve_meta_disable_footer":"","neve_meta_disable_title":"on","footnotes":""},"class_list":["post-478","page","type-page","status-publish","hentry"],"_links":{"self":[{"href":"https:\/\/sites.lesia.obspm.fr\/federation-nanosats\/wp-json\/wp\/v2\/pages\/478","targetHints":{"allow":["GET"]}}],"collection":[{"href":"https:\/\/sites.lesia.obspm.fr\/federation-nanosats\/wp-json\/wp\/v2\/pages"}],"about":[{"href":"https:\/\/sites.lesia.obspm.fr\/federation-nanosats\/wp-json\/wp\/v2\/types\/page"}],"author":[{"embeddable":true,"href":"https:\/\/sites.lesia.obspm.fr\/federation-nanosats\/wp-json\/wp\/v2\/users\/97"}],"replies":[{"embeddable":true,"href":"https:\/\/sites.lesia.obspm.fr\/federation-nanosats\/wp-json\/wp\/v2\/comments?post=478"}],"version-history":[{"count":37,"href":"https:\/\/sites.lesia.obspm.fr\/federation-nanosats\/wp-json\/wp\/v2\/pages\/478\/revisions"}],"predecessor-version":[{"id":1169,"href":"https:\/\/sites.lesia.obspm.fr\/federation-nanosats\/wp-json\/wp\/v2\/pages\/478\/revisions\/1169"}],"wp:attachment":[{"href":"https:\/\/sites.lesia.obspm.fr\/federation-nanosats\/wp-json\/wp\/v2\/media?parent=478"}],"curies":[{"name":"wp","href":"https:\/\/api.w.org\/{rel}","templated":true}]}}