{"id":473,"date":"2024-08-05T15:48:53","date_gmt":"2024-08-05T13:48:53","guid":{"rendered":"https:\/\/sites.lesia.obspm.fr\/federation-nanosats\/?page_id=473"},"modified":"2024-12-10T14:07:40","modified_gmt":"2024-12-10T13:07:40","slug":"devenir-membre","status":"publish","type":"page","link":"https:\/\/sites.lesia.obspm.fr\/federation-nanosats\/devenir-membre\/","title":{"rendered":"Devenir membre"},"content":{"rendered":"\n<div class=\"wp-block-cover alignfull\"><span aria-hidden=\"true\" class=\"wp-block-cover__background has-background-dim-0 has-background-dim\" style=\"background-color:#354c72\"><\/span><img loading=\"lazy\" decoding=\"async\" width=\"1920\" height=\"350\" class=\"wp-block-cover__image-background wp-image-340\" alt=\"\" src=\"https:\/\/sites.lesia.obspm.fr\/federation-nanosats\/files\/2024\/08\/banniere-generique2-02.jpg\" style=\"object-position:0% 0%\" data-object-fit=\"cover\" data-object-position=\"0% 0%\" srcset=\"https:\/\/sites.lesia.obspm.fr\/federation-nanosats\/files\/2024\/08\/banniere-generique2-02.jpg 1920w, https:\/\/sites.lesia.obspm.fr\/federation-nanosats\/files\/2024\/08\/banniere-generique2-02-300x55.jpg 300w, https:\/\/sites.lesia.obspm.fr\/federation-nanosats\/files\/2024\/08\/banniere-generique2-02-1024x187.jpg 1024w, https:\/\/sites.lesia.obspm.fr\/federation-nanosats\/files\/2024\/08\/banniere-generique2-02-768x140.jpg 768w, https:\/\/sites.lesia.obspm.fr\/federation-nanosats\/files\/2024\/08\/banniere-generique2-02-1536x280.jpg 1536w\" sizes=\"auto, (max-width: 1920px) 100vw, 1920px\" \/><div class=\"wp-block-cover__inner-container is-layout-constrained wp-block-cover-is-layout-constrained\">\n<div class=\"wp-block-group\"><div class=\"wp-block-group__inner-container is-layout-constrained wp-block-group-is-layout-constrained\">\n<div class=\"wp-block-columns is-layout-flex wp-container-core-columns-is-layout-9d6595d7 wp-block-columns-is-layout-flex\">\n<div class=\"wp-block-column is-layout-flow wp-block-column-is-layout-flow\" style=\"flex-basis:66.66%\">\n<h1 class=\"wp-block-heading has-neve-link-hover-color-color has-text-color has-link-color wp-elements-e7e9160f97e89fdbca4b0913a867eeb0\">Devenir membre<\/h1>\n<\/div>\n\n\n\n<div class=\"wp-block-column is-layout-flow wp-block-column-is-layout-flow\" style=\"flex-basis:33.33%\"><\/div>\n<\/div>\n<\/div><\/div>\n<\/div><\/div>\n\n\n\n<div style=\"height:30px\" aria-hidden=\"true\" class=\"wp-block-spacer\"><\/div>\n\n\n\n<h2 class=\"wp-block-heading has-nv-c-1-color has-text-color has-link-color wp-elements-e74ba3fd474b83f90f2009ec67d4e518\">Rejoindre la communaut\u00e9<\/h2>\n\n\n\n<p>Dans son r\u00f4le f\u00e9d\u00e9rateur des acteurs investis dans des projets de nanosatellites \u00e0 vis\u00e9e scientifique, la F\u00e9d\u00e9ration Nanosats peut admettre de nouveaux membres venant des secteurs public et priv\u00e9 d\u2019Ile-de-France. Le calendrier administratif est tel que l\u2019inscription n\u2019est possible que jusqu\u2019au mois de septembre pour rejoindre la F\u00e9d\u00e9ration Nanosats en 2025. Apr\u00e8s cela, la prochaine session d\u2019entr\u00e9e ne sera qu\u2019en 2028 et concernera toute la France.&nbsp;<\/p>\n\n\n\n<p>Rejoindre la F\u00e9d\u00e9ration Nanosats, c\u2019est acc\u00e9der \u00e0 un partage d\u2019information, d\u2019exp\u00e9riences et de savoir-faire divers, \u00e0 un accompagnement possible \u00e0 toutes les phases du projet ainsi qu\u2019\u00e0 un acc\u00e8s simplifi\u00e9 et privil\u00e9gi\u00e9 aux moyens d\u2019essais et \u00e0 des opportunit\u00e9s de financement de projets mutualis\u00e9s.<\/p>\n\n\n\n<p>Actuellement, pour \u00eatre membre de la F\u00e9d\u00e9ration Nanosats, il faut que votre institution ou du moins un de ses sites soit localis\u00e9 en Ile-de-France et que vous ayez une exp\u00e9rience ou l\u2019intention de d\u00e9velopper une activit\u00e9 \u00e0 court terme de d\u00e9veloppement de nanosatellites scientifiques. Si vous remplissez ces crit\u00e8res, vous trouverez ci-dessous la proc\u00e9dure d\u2019adh\u00e9sion ad\u00e9quate en fonction de votre situation.<\/p>\n\n\n\n<h3 class=\"wp-block-heading\">Si vous \u00eates employ\u00e9 d&rsquo;un laboratoire de recherche public<\/h3>\n\n\n\n<ul class=\"wp-block-list\">\n<li><strong>et que votre unit\u00e9 est entit\u00e9 membre de la F\u00e9d\u00e9ration&nbsp;:<\/strong>&nbsp;la proc\u00e9dure est simple puisqu\u2019elle ne consiste qu\u2019\u00e0 vous rapprocher du point de contact F\u00e9d\u00e9ration Nanosats dans votre unit\u00e9 et vous signaler aupr\u00e8s de la Directrice de la F\u00e9d\u00e9ration Nanosats pour finaliser votre enregistrement.<\/li>\n\n\n\n<li><strong>mais que votre unit\u00e9 n\u2019est pas membre de la F\u00e9d\u00e9ration&nbsp;mais qu\u2019une des tutelles de votre unit\u00e9 est tutelle de la F\u00e9d\u00e9ration :<\/strong>&nbsp;il suffit de demander \u00e0 votre Direction de rejoindre la F\u00e9d\u00e9ration Nanosats et que cette derni\u00e8re adresse la demande \u00e0 la Directrice de la F\u00e9d\u00e9ration.&nbsp;&nbsp;<\/li>\n\n\n\n<li><strong>qu\u2019aucune tutelle de votre unit\u00e9 n\u2019est&nbsp;&nbsp;membre de la F\u00e9d\u00e9ration&nbsp;:<\/strong>&nbsp;il faudra contacter votre tutelle principale et vous assurer qu\u2019elle soit pr\u00eate \u00e0 s\u2019engager financi\u00e8rement pour valider le billet d\u2019entr\u00e9e de votre unit\u00e9. Dans le cas o\u00f9 elle le serait, il vous faudra tr\u00e8s rapidement vous rapprocher de la Directrice de la F\u00e9d\u00e9ration durant l\u2019\u00e9t\u00e9 2024 pour une entr\u00e9e en 2025 ou attendre l\u2019ann\u00e9e 2027 qui signera la r\u00e9ouverture des membres pour 2028.<\/li>\n<\/ul>\n\n\n\n<h3 class=\"wp-block-heading\"><strong>Si vous \u00eates employ\u00e9 du secteur priv\u00e9<\/strong><\/h3>\n\n\n\n<p>Il est tout \u00e0 fait possible de rejoindre la F\u00e9d\u00e9ration si votre entreprise poss\u00e8de des activit\u00e9s en lien avec les nanosatellites \u00e0 vis\u00e9e scientifique et qu\u2019au moins un des sites est situ\u00e9 en Ile-de-France. Vous pouvez d\u2019abord demander un entretien pr\u00e9liminaire avec la direction de la F\u00e9d\u00e9ration. Puis, il vous faudra vous assurer que votre direction est d\u2019accord et pr\u00eate \u00e0 s\u2019engager financi\u00e8rement pour valider votre billet d\u2019entr\u00e9e.<\/p>\n\n\n\n<p>Si votre entreprise est d\u00e9j\u00e0 membre de la F\u00e9d\u00e9ration mais que votre d\u00e9partement ne l\u2019est pas, nous vous encourageons \u00e0 vous rapprocher du point de contact F\u00e9d\u00e9ration Nanosats dans votre entreprise puis contacter la direction de la F\u00e9d\u00e9ration Nanosats pour finaliser votre inscription.<\/p>\n\n\n\n<div style=\"height:120px\" aria-hidden=\"true\" class=\"wp-block-spacer\"><\/div>\n","protected":false},"excerpt":{"rendered":"<p>Rejoindre la communaut\u00e9 Dans son r\u00f4le f\u00e9d\u00e9rateur des acteurs investis dans des projets de nanosatellites \u00e0 vis\u00e9e scientifique, la F\u00e9d\u00e9ration Nanosats peut admettre de nouveaux membres venant des secteurs public&hellip;&nbsp;<a href=\"https:\/\/sites.lesia.obspm.fr\/federation-nanosats\/devenir-membre\/\" rel=\"bookmark\">Lire la suite &raquo;<span class=\"screen-reader-text\">Devenir membre<\/span><\/a><\/p>\n","protected":false},"author":97,"featured_media":0,"parent":0,"menu_order":0,"comment_status":"closed","ping_status":"closed","template":"","meta":{"neve_meta_sidebar":"","neve_meta_container":"","neve_meta_enable_content_width":"on","neve_meta_content_width":100,"neve_meta_title_alignment":"","neve_meta_author_avatar":"","neve_post_elements_order":"","neve_meta_disable_header":"","neve_meta_disable_footer":"","neve_meta_disable_title":"on","footnotes":""},"class_list":["post-473","page","type-page","status-publish","hentry"],"_links":{"self":[{"href":"https:\/\/sites.lesia.obspm.fr\/federation-nanosats\/wp-json\/wp\/v2\/pages\/473","targetHints":{"allow":["GET"]}}],"collection":[{"href":"https:\/\/sites.lesia.obspm.fr\/federation-nanosats\/wp-json\/wp\/v2\/pages"}],"about":[{"href":"https:\/\/sites.lesia.obspm.fr\/federation-nanosats\/wp-json\/wp\/v2\/types\/page"}],"author":[{"embeddable":true,"href":"https:\/\/sites.lesia.obspm.fr\/federation-nanosats\/wp-json\/wp\/v2\/users\/97"}],"replies":[{"embeddable":true,"href":"https:\/\/sites.lesia.obspm.fr\/federation-nanosats\/wp-json\/wp\/v2\/comments?post=473"}],"version-history":[{"count":6,"href":"https:\/\/sites.lesia.obspm.fr\/federation-nanosats\/wp-json\/wp\/v2\/pages\/473\/revisions"}],"predecessor-version":[{"id":847,"href":"https:\/\/sites.lesia.obspm.fr\/federation-nanosats\/wp-json\/wp\/v2\/pages\/473\/revisions\/847"}],"wp:attachment":[{"href":"https:\/\/sites.lesia.obspm.fr\/federation-nanosats\/wp-json\/wp\/v2\/media?parent=473"}],"curies":[{"name":"wp","href":"https:\/\/api.w.org\/{rel}","templated":true}]}}