{"id":1153,"date":"2025-04-15T10:35:40","date_gmt":"2025-04-15T08:35:40","guid":{"rendered":"https:\/\/sites.lesia.obspm.fr\/federation-nanosats\/?page_id=1153"},"modified":"2025-04-15T10:43:07","modified_gmt":"2025-04-15T08:43:07","slug":"picsat","status":"publish","type":"page","link":"https:\/\/sites.lesia.obspm.fr\/federation-nanosats\/picsat\/","title":{"rendered":"PICSAT"},"content":{"rendered":"\n<div class=\"wp-block-cover alignfull is-light\" style=\"min-height:430px;aspect-ratio:unset;\"><span aria-hidden=\"true\" class=\"wp-block-cover__background has-background-dim-0 has-background-dim\" style=\"background-color:#515259\"><\/span><img loading=\"lazy\" decoding=\"async\" width=\"1921\" height=\"351\" class=\"wp-block-cover__image-background wp-image-347\" alt=\"\" src=\"https:\/\/sites.lesia.obspm.fr\/federation-nanosats\/files\/2024\/08\/banniere-picsat.jpg\" data-object-fit=\"cover\" srcset=\"https:\/\/sites.lesia.obspm.fr\/federation-nanosats\/files\/2024\/08\/banniere-picsat.jpg 1921w, https:\/\/sites.lesia.obspm.fr\/federation-nanosats\/files\/2024\/08\/banniere-picsat-300x55.jpg 300w, https:\/\/sites.lesia.obspm.fr\/federation-nanosats\/files\/2024\/08\/banniere-picsat-1024x187.jpg 1024w, https:\/\/sites.lesia.obspm.fr\/federation-nanosats\/files\/2024\/08\/banniere-picsat-768x140.jpg 768w, https:\/\/sites.lesia.obspm.fr\/federation-nanosats\/files\/2024\/08\/banniere-picsat-1536x281.jpg 1536w\" sizes=\"auto, (max-width: 1921px) 100vw, 1921px\" \/><div class=\"wp-block-cover__inner-container is-layout-constrained wp-block-cover-is-layout-constrained\">\n<div class=\"wp-block-group\"><div class=\"wp-block-group__inner-container is-layout-constrained wp-block-group-is-layout-constrained\">\n<div class=\"wp-block-columns is-layout-flex wp-container-core-columns-is-layout-9d6595d7 wp-block-columns-is-layout-flex\">\n<div class=\"wp-block-column is-layout-flow wp-block-column-is-layout-flow\">\n<h1 class=\"wp-block-heading has-nv-light-bg-color has-text-color has-link-color wp-elements-dbc46dc0939a84254e6015d6264572b9\">PICSAT<\/h1>\n<\/div>\n\n\n\n<div class=\"wp-block-column is-layout-flow wp-block-column-is-layout-flow\"><\/div>\n<\/div>\n<\/div><\/div>\n<\/div><\/div>\n\n\n\n<div style=\"height:30px\" aria-hidden=\"true\" class=\"wp-block-spacer\"><\/div>\n\n\n\n<div class=\"wp-block-cover is-light has-border-color has-neve-link-hover-color-border-color\" style=\"border-style:dashed;padding-top:var(--wp--preset--spacing--60);padding-right:var(--wp--preset--spacing--80);padding-bottom:var(--wp--preset--spacing--60);padding-left:var(--wp--preset--spacing--80);min-height:430px;aspect-ratio:unset;\"><span aria-hidden=\"true\" class=\"wp-block-cover__background has-neve-link-hover-color-background-color has-background-dim\"><\/span><div class=\"wp-block-cover__inner-container is-layout-constrained wp-container-core-cover-is-layout-1df9bf10 wp-block-cover-is-layout-constrained\">\n<div class=\"wp-block-group\"><div class=\"wp-block-group__inner-container is-layout-constrained wp-block-group-is-layout-constrained\">\n<h2 class=\"wp-block-heading has-nv-c-1-color has-text-color has-link-color wp-elements-95d37e082c6f8e79c8b28438b01914ee\">En bref<\/h2>\n\n\n\n<div class=\"wp-block-columns is-layout-flex wp-container-core-columns-is-layout-9d6595d7 wp-block-columns-is-layout-flex\">\n<div class=\"wp-block-column is-layout-flow wp-block-column-is-layout-flow\">\n<p>PicSat est un nanosatellite d\u00e9di\u00e9 \u00e0 l\u2019observation du passage de la jeune exoplan\u00e8te Beta Pictoris b devant son \u00e9toile Beta Pictoris.<\/p>\n\n\n\n<ul class=\"wp-block-list\">\n<li>Taille : 3U<\/li>\n\n\n\n<li>Orbite :\u00a0polaire h\u00e9liosynchrone \u00e0 505km<\/li>\n\n\n\n<li>Charge utile :<\/li>\n\n\n\n<li>Statut : termin\u00e9<\/li>\n\n\n\n<li>Financement :\u00a0 ERC, horizon 2020, LabEx ESEP, CNES<\/li>\n<\/ul>\n\n\n\n<p>Contact : LIRA<\/p>\n<\/div>\n\n\n\n<div class=\"wp-block-column is-vertically-aligned-center is-layout-flow wp-block-column-is-layout-flow\"><\/div>\n<\/div>\n<\/div><\/div>\n<\/div><\/div>\n\n\n\n<div style=\"height:120px\" aria-hidden=\"true\" class=\"wp-block-spacer\"><\/div>\n\n\n\n<h2 class=\"wp-block-heading has-nv-c-1-color has-text-color has-link-color wp-elements-2fb6be7f326acf5570ffc47ef62effd3\">Description<\/h2>\n\n\n\n<p>Picsat est un nanosatellite 3U con\u00e7u au LIRA et d\u00e9di\u00e9 \u00e0 l\u2019observation du passage de la jeune exoplan\u00e8te Beta Pictoris b devant son \u00e9toile Beta Pictoris.\u00a0<\/p>\n\n\n\n<p>L\u2019objectif principal de PicSat \u00e9tait d\u2019op\u00e9rer une surveillance en continu de l\u2019\u00e9toile Beta Pictoris, afin de parvenir \u00e0 d\u00e9tecter le passage de la plan\u00e8te g\u00e9ante Beta Pictoris b devant elle. Ce passage, appel\u00e9 transit plan\u00e9taire, induit de l\u00e9g\u00e8res fluctuations de luminosit\u00e9 de l\u2019\u00e9toile, qui peuvent \u00eatre mesur\u00e9es par un instrument suffisamment pr\u00e9cis, comme celui de Picsat. Le transit de Beta Pictoris b a \u00e9t\u00e9 pr\u00e9dit suite \u00e0 des observations men\u00e9es depuis le sol, et devait se produire en 2018. Picsat a \u00e9t\u00e9 lanc\u00e9 le 12 Janvier 2018, par le PSLV-C40 op\u00e9r\u00e9 par l\u2019Agence spatiale indienne (ISRO). L\u2019orbite \u00e9tait polaire, h\u00e9liosynchrone, \u00e0 505 km d\u2019altitude. Picsat poursuivait aussi un objectif secondaire : la d\u00e9tection et la caract\u00e9risation des exocom\u00e8tes et de leurs queues de poussi\u00e8re. Les ast\u00e9ro\u00efdes et les com\u00e8tes sont relativement abondants dans le jeune syst\u00e8me de Beta Pictoris. M\u00eame si les noyaux de ces objets sont trop petits pour \u00eatre d\u00e9tectables, leurs queues de gaz et de poussi\u00e8res peuvent s\u2019\u00e9tendre sur des millions de kilom\u00e8tres dans l\u2019espace. Lorsque ces nuages se retrouvent devant l\u2019\u00e9toile (vue depuis la Terre), ils en font baisser la luminosit\u00e9. C\u2019est ainsi que des exocom\u00e8tes ont d\u00e9j\u00e0 pu \u00eatre d\u00e9tect\u00e9es, en rep\u00e9rant l\u2019absorption de la lumi\u00e8re de l\u2019\u00e9toile par ces nuages de gaz. Toutefois, si des queues de gaz ont d\u00e9j\u00e0 \u00e9t\u00e9 observ\u00e9es, les queues de poussi\u00e8res sont pour le moment toujours rest\u00e9es inaccessibles. Avec son instrument fonctionnant en bande large dans la lumi\u00e8re visible, Picsat \u00e9tait tout particuli\u00e8rement adapt\u00e9 \u00e0 l\u2019\u00e9tude de ces queues de poussi\u00e8res. En compl\u00e9ment d\u2019instruments comme Harps \u00e0 l\u2019Eso, il permettait d\u2019\u00e9tudier simultan\u00e9ment les deux types d\u2019\u00e9missions des exocom\u00e8tes, et donc d\u2019en apprendre plus sur leur formation, et leur r\u00f4le dans l\u2019\u00e9volution des syst\u00e8mes plan\u00e9taires. Enfin, un troisi\u00e8me objectif de la mission Picsat, \u00e9tait de d\u00e9montrer la possibilit\u00e9 d\u2019injecter le flux de la lumi\u00e8re stellaire dans une fibre optique monomode, \u00e0 bord d\u2019un satellite en orbite basse.<\/p>\n\n\n\n<p>Suite au lancement de Picsat, il n\u2019a pas \u00e9t\u00e9 possible de prendre le contr\u00f4le du syst\u00e8me de d\u00e9termination et de contr\u00f4le de l\u2019attitude (ADCS) du nanosatellite fourni par un industriel et donc de pointer Picsat vers beta Pictoris. Le 5 avril 2018, \u00e0 l\u2019occasion d\u2019un passage dans l\u2019anomalie atlantique sud lors d\u2019un \u00e9v\u00e8nement solaire fort, Picsat s\u2019est \u00e9teint, probablement atteint par une particule solaire tr\u00e8s \u00e9nerg\u00e9tique. Il s\u2019est r\u00e9veill\u00e9 en 2022 mais son ADCS n\u2019\u00e9tait toujours pas fonctionnel et son altitude de plus en plus basse. L\u2019objectif technologique de d\u00e9monstration d\u2019injection de la lumi\u00e8re dans une fibre monomode a cependant \u00e9t\u00e9 atteint. Cette r\u00e9ussite constitue un pas important vers la r\u00e9alisation future d\u2019un interf\u00e9rom\u00e8tre spatial fibr\u00e9.<\/p>\n\n\n\n<div style=\"height:120px\" aria-hidden=\"true\" class=\"wp-block-spacer\"><\/div>\n\n\n\n<h2 class=\"wp-block-heading has-nv-c-1-color has-text-color has-link-color wp-elements-4551a9d590f82462be3ff154b991bb7a\">Partenaires<\/h2>\n\n\n\n<ul class=\"wp-block-list\">\n<li>Lira<\/li>\n\n\n\n<li>Gepi<\/li>\n\n\n\n<li>IAP<\/li>\n\n\n\n<li>ISIS<\/li>\n\n\n\n<li>Hyperion Technologies<\/li>\n\n\n\n<li>IDQ<\/li>\n\n\n\n<li>Cedrat<\/li>\n\n\n\n<li>REF<\/li>\n<\/ul>\n\n\n\n<div style=\"height:120px\" aria-hidden=\"true\" class=\"wp-block-spacer\"><\/div>\n","protected":false},"excerpt":{"rendered":"<p>Description Picsat est un nanosatellite 3U con\u00e7u au LIRA et d\u00e9di\u00e9 \u00e0 l\u2019observation du passage de la jeune exoplan\u00e8te Beta Pictoris b devant son \u00e9toile Beta Pictoris.\u00a0 L\u2019objectif principal de&hellip;&nbsp;<a href=\"https:\/\/sites.lesia.obspm.fr\/federation-nanosats\/picsat\/\" rel=\"bookmark\">Lire la suite &raquo;<span class=\"screen-reader-text\">PICSAT<\/span><\/a><\/p>\n","protected":false},"author":97,"featured_media":0,"parent":0,"menu_order":0,"comment_status":"closed","ping_status":"closed","template":"","meta":{"neve_meta_sidebar":"","neve_meta_container":"","neve_meta_enable_content_width":"on","neve_meta_content_width":100,"neve_meta_title_alignment":"","neve_meta_author_avatar":"","neve_post_elements_order":"","neve_meta_disable_header":"","neve_meta_disable_footer":"","neve_meta_disable_title":"on","footnotes":""},"class_list":["post-1153","page","type-page","status-publish","hentry"],"_links":{"self":[{"href":"https:\/\/sites.lesia.obspm.fr\/federation-nanosats\/wp-json\/wp\/v2\/pages\/1153","targetHints":{"allow":["GET"]}}],"collection":[{"href":"https:\/\/sites.lesia.obspm.fr\/federation-nanosats\/wp-json\/wp\/v2\/pages"}],"about":[{"href":"https:\/\/sites.lesia.obspm.fr\/federation-nanosats\/wp-json\/wp\/v2\/types\/page"}],"author":[{"embeddable":true,"href":"https:\/\/sites.lesia.obspm.fr\/federation-nanosats\/wp-json\/wp\/v2\/users\/97"}],"replies":[{"embeddable":true,"href":"https:\/\/sites.lesia.obspm.fr\/federation-nanosats\/wp-json\/wp\/v2\/comments?post=1153"}],"version-history":[{"count":7,"href":"https:\/\/sites.lesia.obspm.fr\/federation-nanosats\/wp-json\/wp\/v2\/pages\/1153\/revisions"}],"predecessor-version":[{"id":1161,"href":"https:\/\/sites.lesia.obspm.fr\/federation-nanosats\/wp-json\/wp\/v2\/pages\/1153\/revisions\/1161"}],"wp:attachment":[{"href":"https:\/\/sites.lesia.obspm.fr\/federation-nanosats\/wp-json\/wp\/v2\/media?parent=1153"}],"curies":[{"name":"wp","href":"https:\/\/api.w.org\/{rel}","templated":true}]}}